{"id":93758,"date":"2023-02-09T15:49:45","date_gmt":"2023-02-09T15:49:45","guid":{"rendered":"https:\/\/rotavicentina.com\/eventos\/ceramic-workshop\/"},"modified":"2023-03-15T14:59:15","modified_gmt":"2023-03-15T14:59:15","slug":"ceramic-workshop","status":"publish","type":"eventos","link":"https:\/\/rotavicentina.com\/fr\/eventos\/ceramic-workshop\/","title":{"rendered":"Ceramic Workshop"},"content":{"rendered":"<p>With In\u00eas Viana.<\/p>\n<p>In this ceramics initiation workshop, it will be possible to create pieces using various techniques, including the ball, roller and ballast technique, as well as an introduction to the pottery wheel.<\/p>\n<p><strong>Registration needed. <span data-sheets-value=\"{&quot;1&quot;:2,&quot;2&quot;:&quot;Click on \\&quot;Find out more\\&quot;.&quot;}\" data-sheets-userformat=\"{&quot;2&quot;:2561,&quot;3&quot;:{&quot;1&quot;:0},&quot;12&quot;:0,&quot;14&quot;:{&quot;1&quot;:2,&quot;2&quot;:0}}\">Click on \u00ab\u00a0Find out more\u00a0\u00bb.<\/span><\/strong><\/p>\n","protected":false},"excerpt":{"rendered":"<p>With In\u00eas Viana. In this ceramics initiation workshop, it will be possible to create pieces using various techniques, including the ball, roller and ballast technique, as well as an introduction to the pottery wheel. Registration needed. Click on \u00ab\u00a0Find out more\u00a0\u00bb.<\/p>\n","protected":false},"featured_media":96011,"parent":0,"template":"","eventos-category":[1501,1535],"regiao":[968],"class_list":["post-93758","eventos","type-eventos","status-publish","has-post-thumbnail","hentry","eventos-category-artisanat","eventos-category-semana-id-fr","regiao-odemira-fr"],"acf":[],"yoast_head":"<!-- This site is optimized with the Yoast SEO Premium plugin v19.5 (Yoast SEO v27.0) - https:\/\/yoast.com\/product\/yoast-seo-premium-wordpress\/ -->\n<title>Ceramic Workshop - Rota Vicentina<\/title>\n<meta name=\"description\" content=\"Ceramic Workshop\" \/>\n<meta name=\"robots\" content=\"index, follow, max-snippet:-1, max-image-preview:large, max-video-preview:-1\" \/>\n<link rel=\"canonical\" href=\"https:\/\/rotavicentina.com\/fr\/eventos\/ceramic-workshop\/\" \/>\n<meta property=\"og:locale\" content=\"fr_FR\" \/>\n<meta property=\"og:type\" content=\"article\" \/>\n<meta property=\"og:title\" content=\"Ceramic Workshop - Rota Vicentina\" \/>\n<meta property=\"og:description\" content=\"Ceramic Workshop\" \/>\n<meta property=\"og:url\" content=\"https:\/\/rotavicentina.com\/fr\/eventos\/ceramic-workshop\/\" \/>\n<meta property=\"og:site_name\" content=\"Rota Vicentina\" \/>\n<meta property=\"article:publisher\" content=\"https:\/\/www.facebook.com\/rotavicentina\" \/>\n<meta property=\"article:modified_time\" content=\"2023-03-15T14:59:15+00:00\" \/>\n<meta property=\"og:image\" content=\"https:\/\/rotavicentina.com\/wp-content\/uploads\/2023\/02\/11-ines-viana-scaled.jpg\" \/>\n\t<meta property=\"og:image:width\" content=\"1707\" \/>\n\t<meta property=\"og:image:height\" content=\"2560\" \/>\n\t<meta property=\"og:image:type\" content=\"image\/jpeg\" \/>\n<meta name=\"twitter:card\" content=\"summary_large_image\" \/>\n<meta name=\"twitter:title\" content=\"Ceramic Workshop\" \/>\n<meta name=\"twitter:description\" content=\"Ceramic Workshop\" \/>\n<meta name=\"twitter:site\" content=\"@RotaVicentina\" \/>\n<script type=\"application\/ld+json\" class=\"yoast-schema-graph\">{\"@context\":\"https:\/\/schema.org\",\"@graph\":[{\"@type\":\"WebPage\",\"@id\":\"https:\/\/rotavicentina.com\/fr\/eventos\/ceramic-workshop\/\",\"url\":\"https:\/\/rotavicentina.com\/fr\/eventos\/ceramic-workshop\/\",\"name\":\"Ceramic Workshop - Rota Vicentina\",\"isPartOf\":{\"@id\":\"https:\/\/rotavicentina.com\/#website\"},\"primaryImageOfPage\":{\"@id\":\"https:\/\/rotavicentina.com\/fr\/eventos\/ceramic-workshop\/#primaryimage\"},\"image\":{\"@id\":\"https:\/\/rotavicentina.com\/fr\/eventos\/ceramic-workshop\/#primaryimage\"},\"thumbnailUrl\":\"https:\/\/rotavicentina.com\/wp-content\/uploads\/2023\/02\/11-ines-viana-scaled.jpg\",\"datePublished\":\"2023-02-09T15:49:45+00:00\",\"dateModified\":\"2023-03-15T14:59:15+00:00\",\"description\":\"Ceramic Workshop\",\"inLanguage\":\"fr-FR\",\"potentialAction\":[{\"@type\":\"ReadAction\",\"target\":[\"https:\/\/rotavicentina.com\/fr\/eventos\/ceramic-workshop\/\"]}]},{\"@type\":\"ImageObject\",\"inLanguage\":\"fr-FR\",\"@id\":\"https:\/\/rotavicentina.com\/fr\/eventos\/ceramic-workshop\/#primaryimage\",\"url\":\"https:\/\/rotavicentina.com\/wp-content\/uploads\/2023\/02\/11-ines-viana-scaled.jpg\",\"contentUrl\":\"https:\/\/rotavicentina.com\/wp-content\/uploads\/2023\/02\/11-ines-viana-scaled.jpg\",\"width\":1707,\"height\":2560},{\"@type\":\"WebSite\",\"@id\":\"https:\/\/rotavicentina.com\/#website\",\"url\":\"https:\/\/rotavicentina.com\/\",\"name\":\"Rota Vicentina\",\"description\":\"A p\u00e9 pelo Trilho dos Pescadores, Caminho Hist\u00f3rico ou Percursos Circulares ou v\u00e1 de bicicleta pelos mais de 1000km de Trilhos de Bicicleta na Rota Vicentina.\",\"publisher\":{\"@id\":\"https:\/\/rotavicentina.com\/#organization\"},\"potentialAction\":[{\"@type\":\"SearchAction\",\"target\":{\"@type\":\"EntryPoint\",\"urlTemplate\":\"https:\/\/rotavicentina.com\/?s={search_term_string}\"},\"query-input\":{\"@type\":\"PropertyValueSpecification\",\"valueRequired\":true,\"valueName\":\"search_term_string\"}}],\"inLanguage\":\"fr-FR\"},{\"@type\":\"Organization\",\"@id\":\"https:\/\/rotavicentina.com\/#organization\",\"name\":\"Rota Vicentina\",\"url\":\"https:\/\/rotavicentina.com\/\",\"logo\":{\"@type\":\"ImageObject\",\"inLanguage\":\"fr-FR\",\"@id\":\"https:\/\/rotavicentina.com\/#\/schema\/logo\/image\/\",\"url\":\"https:\/\/rotavicentina.com\/wp-content\/uploads\/2023\/02\/Rota-Vicentina-SW-Portugal.jpg\",\"contentUrl\":\"https:\/\/rotavicentina.com\/wp-content\/uploads\/2023\/02\/Rota-Vicentina-SW-Portugal.jpg\",\"width\":\"852\",\"height\":\"480\",\"caption\":\"Rota Vicentina\"},\"image\":{\"@id\":\"https:\/\/rotavicentina.com\/#\/schema\/logo\/image\/\"},\"sameAs\":[\"https:\/\/www.facebook.com\/rotavicentina\",\"https:\/\/x.com\/RotaVicentina\",\"https:\/\/www.instagram.com\/rotavicentina\/\",\"https:\/\/pt.linkedin.com\/company\/rota-vicentina\"]}]}<\/script>\n<!-- \/ Yoast SEO Premium plugin. -->","yoast_head_json":{"title":"Ceramic Workshop - Rota Vicentina","description":"Ceramic Workshop","robots":{"index":"index","follow":"follow","max-snippet":"max-snippet:-1","max-image-preview":"max-image-preview:large","max-video-preview":"max-video-preview:-1"},"canonical":"https:\/\/rotavicentina.com\/fr\/eventos\/ceramic-workshop\/","og_locale":"fr_FR","og_type":"article","og_title":"Ceramic Workshop - Rota Vicentina","og_description":"Ceramic Workshop","og_url":"https:\/\/rotavicentina.com\/fr\/eventos\/ceramic-workshop\/","og_site_name":"Rota Vicentina","article_publisher":"https:\/\/www.facebook.com\/rotavicentina","article_modified_time":"2023-03-15T14:59:15+00:00","og_image":[{"width":1707,"height":2560,"url":"https:\/\/rotavicentina.com\/wp-content\/uploads\/2023\/02\/11-ines-viana-scaled.jpg","type":"image\/jpeg"}],"twitter_card":"summary_large_image","twitter_title":"Ceramic Workshop","twitter_description":"Ceramic Workshop","twitter_site":"@RotaVicentina","schema":{"@context":"https:\/\/schema.org","@graph":[{"@type":"WebPage","@id":"https:\/\/rotavicentina.com\/fr\/eventos\/ceramic-workshop\/","url":"https:\/\/rotavicentina.com\/fr\/eventos\/ceramic-workshop\/","name":"Ceramic Workshop - Rota Vicentina","isPartOf":{"@id":"https:\/\/rotavicentina.com\/#website"},"primaryImageOfPage":{"@id":"https:\/\/rotavicentina.com\/fr\/eventos\/ceramic-workshop\/#primaryimage"},"image":{"@id":"https:\/\/rotavicentina.com\/fr\/eventos\/ceramic-workshop\/#primaryimage"},"thumbnailUrl":"https:\/\/rotavicentina.com\/wp-content\/uploads\/2023\/02\/11-ines-viana-scaled.jpg","datePublished":"2023-02-09T15:49:45+00:00","dateModified":"2023-03-15T14:59:15+00:00","description":"Ceramic Workshop","inLanguage":"fr-FR","potentialAction":[{"@type":"ReadAction","target":["https:\/\/rotavicentina.com\/fr\/eventos\/ceramic-workshop\/"]}]},{"@type":"ImageObject","inLanguage":"fr-FR","@id":"https:\/\/rotavicentina.com\/fr\/eventos\/ceramic-workshop\/#primaryimage","url":"https:\/\/rotavicentina.com\/wp-content\/uploads\/2023\/02\/11-ines-viana-scaled.jpg","contentUrl":"https:\/\/rotavicentina.com\/wp-content\/uploads\/2023\/02\/11-ines-viana-scaled.jpg","width":1707,"height":2560},{"@type":"WebSite","@id":"https:\/\/rotavicentina.com\/#website","url":"https:\/\/rotavicentina.com\/","name":"Rota Vicentina","description":"A p\u00e9 pelo Trilho dos Pescadores, Caminho Hist\u00f3rico ou Percursos Circulares ou v\u00e1 de bicicleta pelos mais de 1000km de Trilhos de Bicicleta na Rota Vicentina.","publisher":{"@id":"https:\/\/rotavicentina.com\/#organization"},"potentialAction":[{"@type":"SearchAction","target":{"@type":"EntryPoint","urlTemplate":"https:\/\/rotavicentina.com\/?s={search_term_string}"},"query-input":{"@type":"PropertyValueSpecification","valueRequired":true,"valueName":"search_term_string"}}],"inLanguage":"fr-FR"},{"@type":"Organization","@id":"https:\/\/rotavicentina.com\/#organization","name":"Rota Vicentina","url":"https:\/\/rotavicentina.com\/","logo":{"@type":"ImageObject","inLanguage":"fr-FR","@id":"https:\/\/rotavicentina.com\/#\/schema\/logo\/image\/","url":"https:\/\/rotavicentina.com\/wp-content\/uploads\/2023\/02\/Rota-Vicentina-SW-Portugal.jpg","contentUrl":"https:\/\/rotavicentina.com\/wp-content\/uploads\/2023\/02\/Rota-Vicentina-SW-Portugal.jpg","width":"852","height":"480","caption":"Rota Vicentina"},"image":{"@id":"https:\/\/rotavicentina.com\/#\/schema\/logo\/image\/"},"sameAs":["https:\/\/www.facebook.com\/rotavicentina","https:\/\/x.com\/RotaVicentina","https:\/\/www.instagram.com\/rotavicentina\/","https:\/\/pt.linkedin.com\/company\/rota-vicentina"]}]}},"_links":{"self":[{"href":"https:\/\/rotavicentina.com\/fr\/wp-json\/wp\/v2\/eventos\/93758","targetHints":{"allow":["GET"]}}],"collection":[{"href":"https:\/\/rotavicentina.com\/fr\/wp-json\/wp\/v2\/eventos"}],"about":[{"href":"https:\/\/rotavicentina.com\/fr\/wp-json\/wp\/v2\/types\/eventos"}],"wp:featuredmedia":[{"embeddable":true,"href":"https:\/\/rotavicentina.com\/fr\/wp-json\/wp\/v2\/media\/96011"}],"wp:attachment":[{"href":"https:\/\/rotavicentina.com\/fr\/wp-json\/wp\/v2\/media?parent=93758"}],"wp:term":[{"taxonomy":"eventos-category","embeddable":true,"href":"https:\/\/rotavicentina.com\/fr\/wp-json\/wp\/v2\/eventos-category?post=93758"},{"taxonomy":"regiao","embeddable":true,"href":"https:\/\/rotavicentina.com\/fr\/wp-json\/wp\/v2\/regiao?post=93758"}],"curies":[{"name":"wp","href":"https:\/\/api.w.org\/{rel}","templated":true}]}}

<p>With Inês Viana.</p>
<p>In this ceramics initiation workshop, it will be possible to create pieces using various techniques, including the ball, roller and ballast technique, as well as an introduction to the pottery wheel.</p>
<p><strong>Registration needed. <span data-sheets-value="{&quot;1&quot;:2,&quot;2&quot;:&quot;Click on \&quot;Find out more\&quot;.&quot;}" data-sheets-userformat="{&quot;2&quot;:2561,&quot;3&quot;:{&quot;1&quot;:0},&quot;12&quot;:0,&quot;14&quot;:{&quot;1&quot;:2,&quot;2&quot;:0}}">Click on « Find out more ».</span></strong></p>

<p>With Inês Viana. In this ceramics initiation workshop, it will be possible to create pieces using various techniques, including the ball, roller and ballast technique, as well as an introduction to the pottery wheel. Registration needed. Click on « Find out more ».</p>

<!-- This site is optimized with the Yoast SEO Premium plugin v19.5 (Yoast SEO v27.0) - https://yoast.com/product/yoast-seo-premium-wordpress/ -->
<title>Ceramic Workshop - Rota Vicentina</title>
<meta name="description" content="Ceramic Workshop" />
<meta name="robots" content="index, follow, max-snippet:-1, max-image-preview:large, max-video-preview:-1" />
<link rel="canonical" href="https://rotavicentina.com/fr/eventos/ceramic-workshop/" />
<meta property="og:locale" content="fr_FR" />
<meta property="og:type" content="article" />
<meta property="og:title" content="Ceramic Workshop - Rota Vicentina" />
<meta property="og:description" content="Ceramic Workshop" />
<meta property="og:url" content="https://rotavicentina.com/fr/eventos/ceramic-workshop/" />
<meta property="og:site_name" content="Rota Vicentina" />
<meta property="article:publisher" content="https://www.facebook.com/rotavicentina" />
<meta property="article:modified_time" content="2023-03-15T14:59:15+00:00" />
<meta property="og:image" content="https://rotavicentina.com/wp-content/uploads/2023/02/11-ines-viana-scaled.jpg" />
	<meta property="og:image:width" content="1707" />
	<meta property="og:image:height" content="2560" />
	<meta property="og:image:type" content="image/jpeg" />
<meta name="twitter:card" content="summary_large_image" />
<meta name="twitter:title" content="Ceramic Workshop" />
<meta name="twitter:description" content="Ceramic Workshop" />
<meta name="twitter:site" content="@RotaVicentina" />
<script type="application/ld+json" class="yoast-schema-graph">{"@context":"https://schema.org","@graph":[{"@type":"WebPage","@id":"https://rotavicentina.com/fr/eventos/ceramic-workshop/","url":"https://rotavicentina.com/fr/eventos/ceramic-workshop/","name":"Ceramic Workshop - Rota Vicentina","isPartOf":{"@id":"https://rotavicentina.com/#website"},"primaryImageOfPage":{"@id":"https://rotavicentina.com/fr/eventos/ceramic-workshop/#primaryimage"},"image":{"@id":"https://rotavicentina.com/fr/eventos/ceramic-workshop/#primaryimage"},"thumbnailUrl":"https://rotavicentina.com/wp-content/uploads/2023/02/11-ines-viana-scaled.jpg","datePublished":"2023-02-09T15:49:45+00:00","dateModified":"2023-03-15T14:59:15+00:00","description":"Ceramic Workshop","inLanguage":"fr-FR","potentialAction":[{"@type":"ReadAction","target":["https://rotavicentina.com/fr/eventos/ceramic-workshop/"]}]},{"@type":"ImageObject","inLanguage":"fr-FR","@id":"https://rotavicentina.com/fr/eventos/ceramic-workshop/#primaryimage","url":"https://rotavicentina.com/wp-content/uploads/2023/02/11-ines-viana-scaled.jpg","contentUrl":"https://rotavicentina.com/wp-content/uploads/2023/02/11-ines-viana-scaled.jpg","width":1707,"height":2560},{"@type":"WebSite","@id":"https://rotavicentina.com/#website","url":"https://rotavicentina.com/","name":"Rota Vicentina","description":"A pé pelo Trilho dos Pescadores, Caminho Histórico ou Percursos Circulares ou vá de bicicleta pelos mais de 1000km de Trilhos de Bicicleta na Rota Vicentina.","publisher":{"@id":"https://rotavicentina.com/#organization"},"potentialAction":[{"@type":"SearchAction","target":{"@type":"EntryPoint","urlTemplate":"https://rotavicentina.com/?s={search_term_string}"},"query-input":{"@type":"PropertyValueSpecification","valueRequired":true,"valueName":"search_term_string"}}],"inLanguage":"fr-FR"},{"@type":"Organization","@id":"https://rotavicentina.com/#organization","name":"Rota Vicentina","url":"https://rotavicentina.com/","logo":{"@type":"ImageObject","inLanguage":"fr-FR","@id":"https://rotavicentina.com/#/schema/logo/image/","url":"https://rotavicentina.com/wp-content/uploads/2023/02/Rota-Vicentina-SW-Portugal.jpg","contentUrl":"https://rotavicentina.com/wp-content/uploads/2023/02/Rota-Vicentina-SW-Portugal.jpg","width":"852","height":"480","caption":"Rota Vicentina"},"image":{"@id":"https://rotavicentina.com/#/schema/logo/image/"},"sameAs":["https://www.facebook.com/rotavicentina","https://x.com/RotaVicentina","https://www.instagram.com/rotavicentina/","https://pt.linkedin.com/company/rota-vicentina"]}]}</script>
<!-- / Yoast SEO Premium plugin. -->

A pé pelo Trilho dos Pescadores, Caminho Histórico ou Percursos Circulares ou vá de bicicleta pelos mais de 1000km de Trilhos de Bicicleta na Rota Vicentina.
