{"id":117254,"date":"2024-03-18T16:15:41","date_gmt":"2024-03-18T16:15:41","guid":{"rendered":"https:\/\/rotavicentina.com\/eventos\/corpo-casa\/"},"modified":"2024-03-18T16:15:41","modified_gmt":"2024-03-18T16:15:41","slug":"corpo-casa","status":"publish","type":"eventos","link":"https:\/\/rotavicentina.com\/en\/eventos\/corpo-casa\/","title":{"rendered":"Corpo Casa"},"content":{"rendered":"<p>CORPO CASA<br \/>\n7, 14 e 28 de Mar\u00e7o 10h &gt; 11h30<br \/>\nMercearia e Companhia Next to the Church of Cercal do Alentejo. CORPO CASA is an experimentation laboratory of what it is to be a Body and to be in the Present.<br \/>\nThe body as an unequivocal landscape of our existence. Research and uncompromised listening. Intuitive, conscious, creative movement and everything else that emerges.<br \/>\nO CORPO TEMP(L)O &#8211; Temple of time; stories archive.<br \/>\nO CORPO POT\u00caNCIA &#8211; Vehicle of dialogue, creation and healing.<br \/>\nO CORPO (IM)PERFEITO &#8211; The richness of diversity and perfection of uniqueness.<br \/>\nAbout me:<br \/>\nI facilitate spaces without pretense.<br \/>\nResult of 42 years of a body between heaven and earth, which always felt a lot!<br \/>\nI threw the maps away. I bring questions that generate questions. I love paradoxes. I crave the nudity and lightness of not knowing anything. I want to (re)start from and in the body. Today I have undressed who I was yesterday.<br \/>\nWho is this body today?<\/p>\n<p>* Bring a bottle of water and comfortable clothing.<\/p>\n","protected":false},"excerpt":{"rendered":"<p>CORPO CASA 7, 14 e 28 de Mar\u00e7o 10h &gt; 11h30 Mercearia e Companhia Next to the Church of Cercal do Alentejo. CORPO CASA is an experimentation laboratory of what it is to be a Body and to be in the Present. The body as an unequivocal landscape of our existence. Research and uncompromised listening. [&hellip;]<\/p>\n","protected":false},"featured_media":117251,"parent":0,"template":"","eventos-category":[1489,1491,1525],"regiao":[958],"class_list":["post-117254","eventos","type-eventos","status-publish","has-post-thumbnail","hentry","eventos-category-arts-shows","eventos-category-holistic-well-being","eventos-category-music","regiao-cercal-do-alentejo-en"],"acf":[],"yoast_head":"<!-- This site is optimized with the Yoast SEO Premium plugin v19.5 (Yoast SEO v27.0) - https:\/\/yoast.com\/product\/yoast-seo-premium-wordpress\/ -->\n<title>Corpo Casa - Rota Vicentina<\/title>\n<meta name=\"robots\" content=\"index, follow, max-snippet:-1, max-image-preview:large, max-video-preview:-1\" \/>\n<link rel=\"canonical\" href=\"https:\/\/rotavicentina.com\/eventos\/corpo-casa\/\" \/>\n<meta property=\"og:locale\" content=\"en_US\" \/>\n<meta property=\"og:type\" content=\"article\" \/>\n<meta property=\"og:title\" content=\"Corpo Casa - Rota Vicentina\" \/>\n<meta property=\"og:description\" content=\"CORPO CASA 7, 14 e 28 de Mar\u00e7o 10h &gt; 11h30 Mercearia e Companhia Next to the Church of Cercal do Alentejo. CORPO CASA is an experimentation laboratory of what it is to be a Body and to be in the Present. The body as an unequivocal landscape of our existence. Research and uncompromised listening. [&hellip;]\" \/>\n<meta property=\"og:url\" content=\"https:\/\/rotavicentina.com\/eventos\/corpo-casa\/\" \/>\n<meta property=\"og:site_name\" content=\"Rota Vicentina\" \/>\n<meta property=\"article:publisher\" content=\"https:\/\/www.facebook.com\/rotavicentina\" \/>\n<meta name=\"twitter:card\" content=\"summary_large_image\" \/>\n<meta name=\"twitter:site\" content=\"@RotaVicentina\" \/>\n<meta name=\"twitter:label1\" content=\"Est. reading time\" \/>\n\t<meta name=\"twitter:data1\" content=\"1 minute\" \/>\n<script type=\"application\/ld+json\" class=\"yoast-schema-graph\">{\"@context\":\"https:\/\/schema.org\",\"@graph\":[{\"@type\":\"WebPage\",\"@id\":\"https:\/\/rotavicentina.com\/eventos\/corpo-casa\/\",\"url\":\"https:\/\/rotavicentina.com\/eventos\/corpo-casa\/\",\"name\":\"Corpo Casa - Rota Vicentina\",\"isPartOf\":{\"@id\":\"https:\/\/rotavicentina.com\/#website\"},\"primaryImageOfPage\":{\"@id\":\"https:\/\/rotavicentina.com\/eventos\/corpo-casa\/#primaryimage\"},\"image\":{\"@id\":\"https:\/\/rotavicentina.com\/eventos\/corpo-casa\/#primaryimage\"},\"thumbnailUrl\":\"https:\/\/rotavicentina.com\/wp-content\/uploads\/2024\/03\/15f3c38bd26b-WhatsApp_Image_2024_02_28_at_14.43.41.jpeg\",\"datePublished\":\"2024-03-18T16:15:41+00:00\",\"inLanguage\":\"en-US\",\"potentialAction\":[{\"@type\":\"ReadAction\",\"target\":[\"https:\/\/rotavicentina.com\/eventos\/corpo-casa\/\"]}]},{\"@type\":\"ImageObject\",\"inLanguage\":\"en-US\",\"@id\":\"https:\/\/rotavicentina.com\/eventos\/corpo-casa\/#primaryimage\",\"url\":\"https:\/\/rotavicentina.com\/wp-content\/uploads\/2024\/03\/15f3c38bd26b-WhatsApp_Image_2024_02_28_at_14.43.41.jpeg\",\"contentUrl\":\"https:\/\/rotavicentina.com\/wp-content\/uploads\/2024\/03\/15f3c38bd26b-WhatsApp_Image_2024_02_28_at_14.43.41.jpeg\",\"width\":714,\"height\":1000},{\"@type\":\"WebSite\",\"@id\":\"https:\/\/rotavicentina.com\/#website\",\"url\":\"https:\/\/rotavicentina.com\/\",\"name\":\"Rota Vicentina\",\"description\":\"A p\u00e9 pelo Trilho dos Pescadores, Caminho Hist\u00f3rico ou Percursos Circulares ou v\u00e1 de bicicleta pelos mais de 1000km de Trilhos de Bicicleta na Rota Vicentina.\",\"publisher\":{\"@id\":\"https:\/\/rotavicentina.com\/#organization\"},\"potentialAction\":[{\"@type\":\"SearchAction\",\"target\":{\"@type\":\"EntryPoint\",\"urlTemplate\":\"https:\/\/rotavicentina.com\/?s={search_term_string}\"},\"query-input\":{\"@type\":\"PropertyValueSpecification\",\"valueRequired\":true,\"valueName\":\"search_term_string\"}}],\"inLanguage\":\"en-US\"},{\"@type\":\"Organization\",\"@id\":\"https:\/\/rotavicentina.com\/#organization\",\"name\":\"Rota Vicentina\",\"url\":\"https:\/\/rotavicentina.com\/\",\"logo\":{\"@type\":\"ImageObject\",\"inLanguage\":\"en-US\",\"@id\":\"https:\/\/rotavicentina.com\/#\/schema\/logo\/image\/\",\"url\":\"https:\/\/rotavicentina.com\/wp-content\/uploads\/2023\/02\/Rota-Vicentina-SW-Portugal.jpg\",\"contentUrl\":\"https:\/\/rotavicentina.com\/wp-content\/uploads\/2023\/02\/Rota-Vicentina-SW-Portugal.jpg\",\"width\":\"852\",\"height\":\"480\",\"caption\":\"Rota Vicentina\"},\"image\":{\"@id\":\"https:\/\/rotavicentina.com\/#\/schema\/logo\/image\/\"},\"sameAs\":[\"https:\/\/www.facebook.com\/rotavicentina\",\"https:\/\/x.com\/RotaVicentina\",\"https:\/\/www.instagram.com\/rotavicentina\/\",\"https:\/\/pt.linkedin.com\/company\/rota-vicentina\"]}]}<\/script>\n<!-- \/ Yoast SEO Premium plugin. -->","yoast_head_json":{"title":"Corpo Casa - Rota Vicentina","robots":{"index":"index","follow":"follow","max-snippet":"max-snippet:-1","max-image-preview":"max-image-preview:large","max-video-preview":"max-video-preview:-1"},"canonical":"https:\/\/rotavicentina.com\/eventos\/corpo-casa\/","og_locale":"en_US","og_type":"article","og_title":"Corpo Casa - Rota Vicentina","og_description":"CORPO CASA 7, 14 e 28 de Mar\u00e7o 10h &gt; 11h30 Mercearia e Companhia Next to the Church of Cercal do Alentejo. CORPO CASA is an experimentation laboratory of what it is to be a Body and to be in the Present. The body as an unequivocal landscape of our existence. Research and uncompromised listening. [&hellip;]","og_url":"https:\/\/rotavicentina.com\/eventos\/corpo-casa\/","og_site_name":"Rota Vicentina","article_publisher":"https:\/\/www.facebook.com\/rotavicentina","twitter_card":"summary_large_image","twitter_site":"@RotaVicentina","twitter_misc":{"Est. reading time":"1 minute"},"schema":{"@context":"https:\/\/schema.org","@graph":[{"@type":"WebPage","@id":"https:\/\/rotavicentina.com\/eventos\/corpo-casa\/","url":"https:\/\/rotavicentina.com\/eventos\/corpo-casa\/","name":"Corpo Casa - Rota Vicentina","isPartOf":{"@id":"https:\/\/rotavicentina.com\/#website"},"primaryImageOfPage":{"@id":"https:\/\/rotavicentina.com\/eventos\/corpo-casa\/#primaryimage"},"image":{"@id":"https:\/\/rotavicentina.com\/eventos\/corpo-casa\/#primaryimage"},"thumbnailUrl":"https:\/\/rotavicentina.com\/wp-content\/uploads\/2024\/03\/15f3c38bd26b-WhatsApp_Image_2024_02_28_at_14.43.41.jpeg","datePublished":"2024-03-18T16:15:41+00:00","inLanguage":"en-US","potentialAction":[{"@type":"ReadAction","target":["https:\/\/rotavicentina.com\/eventos\/corpo-casa\/"]}]},{"@type":"ImageObject","inLanguage":"en-US","@id":"https:\/\/rotavicentina.com\/eventos\/corpo-casa\/#primaryimage","url":"https:\/\/rotavicentina.com\/wp-content\/uploads\/2024\/03\/15f3c38bd26b-WhatsApp_Image_2024_02_28_at_14.43.41.jpeg","contentUrl":"https:\/\/rotavicentina.com\/wp-content\/uploads\/2024\/03\/15f3c38bd26b-WhatsApp_Image_2024_02_28_at_14.43.41.jpeg","width":714,"height":1000},{"@type":"WebSite","@id":"https:\/\/rotavicentina.com\/#website","url":"https:\/\/rotavicentina.com\/","name":"Rota Vicentina","description":"A p\u00e9 pelo Trilho dos Pescadores, Caminho Hist\u00f3rico ou Percursos Circulares ou v\u00e1 de bicicleta pelos mais de 1000km de Trilhos de Bicicleta na Rota Vicentina.","publisher":{"@id":"https:\/\/rotavicentina.com\/#organization"},"potentialAction":[{"@type":"SearchAction","target":{"@type":"EntryPoint","urlTemplate":"https:\/\/rotavicentina.com\/?s={search_term_string}"},"query-input":{"@type":"PropertyValueSpecification","valueRequired":true,"valueName":"search_term_string"}}],"inLanguage":"en-US"},{"@type":"Organization","@id":"https:\/\/rotavicentina.com\/#organization","name":"Rota Vicentina","url":"https:\/\/rotavicentina.com\/","logo":{"@type":"ImageObject","inLanguage":"en-US","@id":"https:\/\/rotavicentina.com\/#\/schema\/logo\/image\/","url":"https:\/\/rotavicentina.com\/wp-content\/uploads\/2023\/02\/Rota-Vicentina-SW-Portugal.jpg","contentUrl":"https:\/\/rotavicentina.com\/wp-content\/uploads\/2023\/02\/Rota-Vicentina-SW-Portugal.jpg","width":"852","height":"480","caption":"Rota Vicentina"},"image":{"@id":"https:\/\/rotavicentina.com\/#\/schema\/logo\/image\/"},"sameAs":["https:\/\/www.facebook.com\/rotavicentina","https:\/\/x.com\/RotaVicentina","https:\/\/www.instagram.com\/rotavicentina\/","https:\/\/pt.linkedin.com\/company\/rota-vicentina"]}]}},"_links":{"self":[{"href":"https:\/\/rotavicentina.com\/en\/wp-json\/wp\/v2\/eventos\/117254","targetHints":{"allow":["GET"]}}],"collection":[{"href":"https:\/\/rotavicentina.com\/en\/wp-json\/wp\/v2\/eventos"}],"about":[{"href":"https:\/\/rotavicentina.com\/en\/wp-json\/wp\/v2\/types\/eventos"}],"wp:featuredmedia":[{"embeddable":true,"href":"https:\/\/rotavicentina.com\/en\/wp-json\/wp\/v2\/media\/117251"}],"wp:attachment":[{"href":"https:\/\/rotavicentina.com\/en\/wp-json\/wp\/v2\/media?parent=117254"}],"wp:term":[{"taxonomy":"eventos-category","embeddable":true,"href":"https:\/\/rotavicentina.com\/en\/wp-json\/wp\/v2\/eventos-category?post=117254"},{"taxonomy":"regiao","embeddable":true,"href":"https:\/\/rotavicentina.com\/en\/wp-json\/wp\/v2\/regiao?post=117254"}],"curies":[{"name":"wp","href":"https:\/\/api.w.org\/{rel}","templated":true}]}}

<p>CORPO CASA<br />
7, 14 e 28 de Março 10h &gt; 11h30<br />
Mercearia e Companhia Next to the Church of Cercal do Alentejo. CORPO CASA is an experimentation laboratory of what it is to be a Body and to be in the Present.<br />
The body as an unequivocal landscape of our existence. Research and uncompromised listening. Intuitive, conscious, creative movement and everything else that emerges.<br />
O CORPO TEMP(L)O &#8211; Temple of time; stories archive.<br />
O CORPO POTÊNCIA &#8211; Vehicle of dialogue, creation and healing.<br />
O CORPO (IM)PERFEITO &#8211; The richness of diversity and perfection of uniqueness.<br />
About me:<br />
I facilitate spaces without pretense.<br />
Result of 42 years of a body between heaven and earth, which always felt a lot!<br />
I threw the maps away. I bring questions that generate questions. I love paradoxes. I crave the nudity and lightness of not knowing anything. I want to (re)start from and in the body. Today I have undressed who I was yesterday.<br />
Who is this body today?</p>
<p>* Bring a bottle of water and comfortable clothing.</p>

<p>CORPO CASA 7, 14 e 28 de Março 10h &gt; 11h30 Mercearia e Companhia Next to the Church of Cercal do Alentejo. CORPO CASA is an experimentation laboratory of what it is to be a Body and to be in the Present. The body as an unequivocal landscape of our existence. Research and uncompromised listening. [&hellip;]</p>

<!-- This site is optimized with the Yoast SEO Premium plugin v19.5 (Yoast SEO v27.0) - https://yoast.com/product/yoast-seo-premium-wordpress/ -->
<title>Corpo Casa - Rota Vicentina</title>
<meta name="robots" content="index, follow, max-snippet:-1, max-image-preview:large, max-video-preview:-1" />
<link rel="canonical" href="https://rotavicentina.com/eventos/corpo-casa/" />
<meta property="og:locale" content="en_US" />
<meta property="og:type" content="article" />
<meta property="og:title" content="Corpo Casa - Rota Vicentina" />
<meta property="og:description" content="CORPO CASA 7, 14 e 28 de Março 10h &gt; 11h30 Mercearia e Companhia Next to the Church of Cercal do Alentejo. CORPO CASA is an experimentation laboratory of what it is to be a Body and to be in the Present. The body as an unequivocal landscape of our existence. Research and uncompromised listening. [&hellip;]" />
<meta property="og:url" content="https://rotavicentina.com/eventos/corpo-casa/" />
<meta property="og:site_name" content="Rota Vicentina" />
<meta property="article:publisher" content="https://www.facebook.com/rotavicentina" />
<meta name="twitter:card" content="summary_large_image" />
<meta name="twitter:site" content="@RotaVicentina" />
<meta name="twitter:label1" content="Est. reading time" />
	<meta name="twitter:data1" content="1 minute" />
<script type="application/ld+json" class="yoast-schema-graph">{"@context":"https://schema.org","@graph":[{"@type":"WebPage","@id":"https://rotavicentina.com/eventos/corpo-casa/","url":"https://rotavicentina.com/eventos/corpo-casa/","name":"Corpo Casa - Rota Vicentina","isPartOf":{"@id":"https://rotavicentina.com/#website"},"primaryImageOfPage":{"@id":"https://rotavicentina.com/eventos/corpo-casa/#primaryimage"},"image":{"@id":"https://rotavicentina.com/eventos/corpo-casa/#primaryimage"},"thumbnailUrl":"https://rotavicentina.com/wp-content/uploads/2024/03/15f3c38bd26b-WhatsApp_Image_2024_02_28_at_14.43.41.jpeg","datePublished":"2024-03-18T16:15:41+00:00","inLanguage":"en-US","potentialAction":[{"@type":"ReadAction","target":["https://rotavicentina.com/eventos/corpo-casa/"]}]},{"@type":"ImageObject","inLanguage":"en-US","@id":"https://rotavicentina.com/eventos/corpo-casa/#primaryimage","url":"https://rotavicentina.com/wp-content/uploads/2024/03/15f3c38bd26b-WhatsApp_Image_2024_02_28_at_14.43.41.jpeg","contentUrl":"https://rotavicentina.com/wp-content/uploads/2024/03/15f3c38bd26b-WhatsApp_Image_2024_02_28_at_14.43.41.jpeg","width":714,"height":1000},{"@type":"WebSite","@id":"https://rotavicentina.com/#website","url":"https://rotavicentina.com/","name":"Rota Vicentina","description":"A pé pelo Trilho dos Pescadores, Caminho Histórico ou Percursos Circulares ou vá de bicicleta pelos mais de 1000km de Trilhos de Bicicleta na Rota Vicentina.","publisher":{"@id":"https://rotavicentina.com/#organization"},"potentialAction":[{"@type":"SearchAction","target":{"@type":"EntryPoint","urlTemplate":"https://rotavicentina.com/?s={search_term_string}"},"query-input":{"@type":"PropertyValueSpecification","valueRequired":true,"valueName":"search_term_string"}}],"inLanguage":"en-US"},{"@type":"Organization","@id":"https://rotavicentina.com/#organization","name":"Rota Vicentina","url":"https://rotavicentina.com/","logo":{"@type":"ImageObject","inLanguage":"en-US","@id":"https://rotavicentina.com/#/schema/logo/image/","url":"https://rotavicentina.com/wp-content/uploads/2023/02/Rota-Vicentina-SW-Portugal.jpg","contentUrl":"https://rotavicentina.com/wp-content/uploads/2023/02/Rota-Vicentina-SW-Portugal.jpg","width":"852","height":"480","caption":"Rota Vicentina"},"image":{"@id":"https://rotavicentina.com/#/schema/logo/image/"},"sameAs":["https://www.facebook.com/rotavicentina","https://x.com/RotaVicentina","https://www.instagram.com/rotavicentina/","https://pt.linkedin.com/company/rota-vicentina"]}]}</script>
<!-- / Yoast SEO Premium plugin. -->

CORPO CASA 7, 14 e 28 de Março 10h &gt; 11h30 Mercearia e Companhia Next to the Church of Cercal do Alentejo. CORPO CASA is an experimentation laboratory of what it is to be a Body and to be in the Present. The body as an unequivocal landscape of our existence. Research and uncompromised listening. [&hellip;]

A pé pelo Trilho dos Pescadores, Caminho Histórico ou Percursos Circulares ou vá de bicicleta pelos mais de 1000km de Trilhos de Bicicleta na Rota Vicentina.
