{"id":115943,"date":"2024-02-20T17:37:06","date_gmt":"2024-02-20T17:37:06","guid":{"rendered":"https:\/\/rotavicentina.com\/eventos\/medronhos-festival\/"},"modified":"2024-02-20T17:37:06","modified_gmt":"2024-02-20T17:37:06","slug":"medronhos-festival","status":"publish","type":"eventos","link":"https:\/\/rotavicentina.com\/en\/eventos\/medronhos-festival\/","title":{"rendered":"Medronho&#8217;s Festival"},"content":{"rendered":"<p>Medronho&#8217;s Festival will have moments of fun and conferences with the aim of celebrating the Medronho fruit in Sab\u00f3ia.<\/p>\n","protected":false},"excerpt":{"rendered":"<p>Medronho&#8217;s Festival will have moments of fun and conferences with the aim of celebrating the Medronho fruit in Sab\u00f3ia.<\/p>\n","protected":false},"featured_media":115940,"parent":0,"template":"","eventos-category":[1489,1490,1519],"regiao":[1355],"class_list":["post-115943","eventos","type-eventos","status-publish","has-post-thumbnail","hentry","eventos-category-arts-shows","eventos-category-handicrafts","eventos-category-local-lifestyle","regiao-saboia-en"],"acf":[],"yoast_head":"<!-- This site is optimized with the Yoast SEO Premium plugin v19.5 (Yoast SEO v27.0) - https:\/\/yoast.com\/product\/yoast-seo-premium-wordpress\/ -->\n<title>Medronho&#039;s Festival - Rota Vicentina<\/title>\n<meta name=\"robots\" content=\"index, follow, max-snippet:-1, max-image-preview:large, max-video-preview:-1\" \/>\n<link rel=\"canonical\" href=\"https:\/\/rotavicentina.com\/eventos\/medronhos-festival\/\" \/>\n<meta property=\"og:locale\" content=\"en_US\" \/>\n<meta property=\"og:type\" content=\"article\" \/>\n<meta property=\"og:title\" content=\"Medronho&#039;s Festival - Rota Vicentina\" \/>\n<meta property=\"og:description\" content=\"Medronho&#8217;s Festival will have moments of fun and conferences with the aim of celebrating the Medronho fruit in Sab\u00f3ia.\" \/>\n<meta property=\"og:url\" content=\"https:\/\/rotavicentina.com\/eventos\/medronhos-festival\/\" \/>\n<meta property=\"og:site_name\" content=\"Rota Vicentina\" \/>\n<meta property=\"article:publisher\" content=\"https:\/\/www.facebook.com\/rotavicentina\" \/>\n<meta name=\"twitter:card\" content=\"summary_large_image\" \/>\n<meta name=\"twitter:site\" content=\"@RotaVicentina\" \/>\n<script type=\"application\/ld+json\" class=\"yoast-schema-graph\">{\"@context\":\"https:\/\/schema.org\",\"@graph\":[{\"@type\":\"WebPage\",\"@id\":\"https:\/\/rotavicentina.com\/eventos\/medronhos-festival\/\",\"url\":\"https:\/\/rotavicentina.com\/eventos\/medronhos-festival\/\",\"name\":\"Medronho's Festival - Rota Vicentina\",\"isPartOf\":{\"@id\":\"https:\/\/rotavicentina.com\/#website\"},\"primaryImageOfPage\":{\"@id\":\"https:\/\/rotavicentina.com\/eventos\/medronhos-festival\/#primaryimage\"},\"image\":{\"@id\":\"https:\/\/rotavicentina.com\/eventos\/medronhos-festival\/#primaryimage\"},\"thumbnailUrl\":\"https:\/\/rotavicentina.com\/wp-content\/uploads\/2024\/02\/0811de21c312-download.jpg\",\"datePublished\":\"2024-02-20T17:37:06+00:00\",\"inLanguage\":\"en-US\",\"potentialAction\":[{\"@type\":\"ReadAction\",\"target\":[\"https:\/\/rotavicentina.com\/eventos\/medronhos-festival\/\"]}]},{\"@type\":\"ImageObject\",\"inLanguage\":\"en-US\",\"@id\":\"https:\/\/rotavicentina.com\/eventos\/medronhos-festival\/#primaryimage\",\"url\":\"https:\/\/rotavicentina.com\/wp-content\/uploads\/2024\/02\/0811de21c312-download.jpg\",\"contentUrl\":\"https:\/\/rotavicentina.com\/wp-content\/uploads\/2024\/02\/0811de21c312-download.jpg\",\"width\":640,\"height\":215},{\"@type\":\"WebSite\",\"@id\":\"https:\/\/rotavicentina.com\/#website\",\"url\":\"https:\/\/rotavicentina.com\/\",\"name\":\"Rota Vicentina\",\"description\":\"A p\u00e9 pelo Trilho dos Pescadores, Caminho Hist\u00f3rico ou Percursos Circulares ou v\u00e1 de bicicleta pelos mais de 1000km de Trilhos de Bicicleta na Rota Vicentina.\",\"publisher\":{\"@id\":\"https:\/\/rotavicentina.com\/#organization\"},\"potentialAction\":[{\"@type\":\"SearchAction\",\"target\":{\"@type\":\"EntryPoint\",\"urlTemplate\":\"https:\/\/rotavicentina.com\/?s={search_term_string}\"},\"query-input\":{\"@type\":\"PropertyValueSpecification\",\"valueRequired\":true,\"valueName\":\"search_term_string\"}}],\"inLanguage\":\"en-US\"},{\"@type\":\"Organization\",\"@id\":\"https:\/\/rotavicentina.com\/#organization\",\"name\":\"Rota Vicentina\",\"url\":\"https:\/\/rotavicentina.com\/\",\"logo\":{\"@type\":\"ImageObject\",\"inLanguage\":\"en-US\",\"@id\":\"https:\/\/rotavicentina.com\/#\/schema\/logo\/image\/\",\"url\":\"https:\/\/rotavicentina.com\/wp-content\/uploads\/2023\/02\/Rota-Vicentina-SW-Portugal.jpg\",\"contentUrl\":\"https:\/\/rotavicentina.com\/wp-content\/uploads\/2023\/02\/Rota-Vicentina-SW-Portugal.jpg\",\"width\":\"852\",\"height\":\"480\",\"caption\":\"Rota Vicentina\"},\"image\":{\"@id\":\"https:\/\/rotavicentina.com\/#\/schema\/logo\/image\/\"},\"sameAs\":[\"https:\/\/www.facebook.com\/rotavicentina\",\"https:\/\/x.com\/RotaVicentina\",\"https:\/\/www.instagram.com\/rotavicentina\/\",\"https:\/\/pt.linkedin.com\/company\/rota-vicentina\"]}]}<\/script>\n<!-- \/ Yoast SEO Premium plugin. -->","yoast_head_json":{"title":"Medronho's Festival - Rota Vicentina","robots":{"index":"index","follow":"follow","max-snippet":"max-snippet:-1","max-image-preview":"max-image-preview:large","max-video-preview":"max-video-preview:-1"},"canonical":"https:\/\/rotavicentina.com\/eventos\/medronhos-festival\/","og_locale":"en_US","og_type":"article","og_title":"Medronho's Festival - Rota Vicentina","og_description":"Medronho&#8217;s Festival will have moments of fun and conferences with the aim of celebrating the Medronho fruit in Sab\u00f3ia.","og_url":"https:\/\/rotavicentina.com\/eventos\/medronhos-festival\/","og_site_name":"Rota Vicentina","article_publisher":"https:\/\/www.facebook.com\/rotavicentina","twitter_card":"summary_large_image","twitter_site":"@RotaVicentina","schema":{"@context":"https:\/\/schema.org","@graph":[{"@type":"WebPage","@id":"https:\/\/rotavicentina.com\/eventos\/medronhos-festival\/","url":"https:\/\/rotavicentina.com\/eventos\/medronhos-festival\/","name":"Medronho's Festival - Rota Vicentina","isPartOf":{"@id":"https:\/\/rotavicentina.com\/#website"},"primaryImageOfPage":{"@id":"https:\/\/rotavicentina.com\/eventos\/medronhos-festival\/#primaryimage"},"image":{"@id":"https:\/\/rotavicentina.com\/eventos\/medronhos-festival\/#primaryimage"},"thumbnailUrl":"https:\/\/rotavicentina.com\/wp-content\/uploads\/2024\/02\/0811de21c312-download.jpg","datePublished":"2024-02-20T17:37:06+00:00","inLanguage":"en-US","potentialAction":[{"@type":"ReadAction","target":["https:\/\/rotavicentina.com\/eventos\/medronhos-festival\/"]}]},{"@type":"ImageObject","inLanguage":"en-US","@id":"https:\/\/rotavicentina.com\/eventos\/medronhos-festival\/#primaryimage","url":"https:\/\/rotavicentina.com\/wp-content\/uploads\/2024\/02\/0811de21c312-download.jpg","contentUrl":"https:\/\/rotavicentina.com\/wp-content\/uploads\/2024\/02\/0811de21c312-download.jpg","width":640,"height":215},{"@type":"WebSite","@id":"https:\/\/rotavicentina.com\/#website","url":"https:\/\/rotavicentina.com\/","name":"Rota Vicentina","description":"A p\u00e9 pelo Trilho dos Pescadores, Caminho Hist\u00f3rico ou Percursos Circulares ou v\u00e1 de bicicleta pelos mais de 1000km de Trilhos de Bicicleta na Rota Vicentina.","publisher":{"@id":"https:\/\/rotavicentina.com\/#organization"},"potentialAction":[{"@type":"SearchAction","target":{"@type":"EntryPoint","urlTemplate":"https:\/\/rotavicentina.com\/?s={search_term_string}"},"query-input":{"@type":"PropertyValueSpecification","valueRequired":true,"valueName":"search_term_string"}}],"inLanguage":"en-US"},{"@type":"Organization","@id":"https:\/\/rotavicentina.com\/#organization","name":"Rota Vicentina","url":"https:\/\/rotavicentina.com\/","logo":{"@type":"ImageObject","inLanguage":"en-US","@id":"https:\/\/rotavicentina.com\/#\/schema\/logo\/image\/","url":"https:\/\/rotavicentina.com\/wp-content\/uploads\/2023\/02\/Rota-Vicentina-SW-Portugal.jpg","contentUrl":"https:\/\/rotavicentina.com\/wp-content\/uploads\/2023\/02\/Rota-Vicentina-SW-Portugal.jpg","width":"852","height":"480","caption":"Rota Vicentina"},"image":{"@id":"https:\/\/rotavicentina.com\/#\/schema\/logo\/image\/"},"sameAs":["https:\/\/www.facebook.com\/rotavicentina","https:\/\/x.com\/RotaVicentina","https:\/\/www.instagram.com\/rotavicentina\/","https:\/\/pt.linkedin.com\/company\/rota-vicentina"]}]}},"_links":{"self":[{"href":"https:\/\/rotavicentina.com\/en\/wp-json\/wp\/v2\/eventos\/115943","targetHints":{"allow":["GET"]}}],"collection":[{"href":"https:\/\/rotavicentina.com\/en\/wp-json\/wp\/v2\/eventos"}],"about":[{"href":"https:\/\/rotavicentina.com\/en\/wp-json\/wp\/v2\/types\/eventos"}],"wp:featuredmedia":[{"embeddable":true,"href":"https:\/\/rotavicentina.com\/en\/wp-json\/wp\/v2\/media\/115940"}],"wp:attachment":[{"href":"https:\/\/rotavicentina.com\/en\/wp-json\/wp\/v2\/media?parent=115943"}],"wp:term":[{"taxonomy":"eventos-category","embeddable":true,"href":"https:\/\/rotavicentina.com\/en\/wp-json\/wp\/v2\/eventos-category?post=115943"},{"taxonomy":"regiao","embeddable":true,"href":"https:\/\/rotavicentina.com\/en\/wp-json\/wp\/v2\/regiao?post=115943"}],"curies":[{"name":"wp","href":"https:\/\/api.w.org\/{rel}","templated":true}]}}

<p>Medronho&#8217;s Festival will have moments of fun and conferences with the aim of celebrating the Medronho fruit in Sabóia.</p>

<!-- This site is optimized with the Yoast SEO Premium plugin v19.5 (Yoast SEO v27.0) - https://yoast.com/product/yoast-seo-premium-wordpress/ -->
<title>Medronho&#039;s Festival - Rota Vicentina</title>
<meta name="robots" content="index, follow, max-snippet:-1, max-image-preview:large, max-video-preview:-1" />
<link rel="canonical" href="https://rotavicentina.com/eventos/medronhos-festival/" />
<meta property="og:locale" content="en_US" />
<meta property="og:type" content="article" />
<meta property="og:title" content="Medronho&#039;s Festival - Rota Vicentina" />
<meta property="og:description" content="Medronho&#8217;s Festival will have moments of fun and conferences with the aim of celebrating the Medronho fruit in Sabóia." />
<meta property="og:url" content="https://rotavicentina.com/eventos/medronhos-festival/" />
<meta property="og:site_name" content="Rota Vicentina" />
<meta property="article:publisher" content="https://www.facebook.com/rotavicentina" />
<meta name="twitter:card" content="summary_large_image" />
<meta name="twitter:site" content="@RotaVicentina" />
<script type="application/ld+json" class="yoast-schema-graph">{"@context":"https://schema.org","@graph":[{"@type":"WebPage","@id":"https://rotavicentina.com/eventos/medronhos-festival/","url":"https://rotavicentina.com/eventos/medronhos-festival/","name":"Medronho's Festival - Rota Vicentina","isPartOf":{"@id":"https://rotavicentina.com/#website"},"primaryImageOfPage":{"@id":"https://rotavicentina.com/eventos/medronhos-festival/#primaryimage"},"image":{"@id":"https://rotavicentina.com/eventos/medronhos-festival/#primaryimage"},"thumbnailUrl":"https://rotavicentina.com/wp-content/uploads/2024/02/0811de21c312-download.jpg","datePublished":"2024-02-20T17:37:06+00:00","inLanguage":"en-US","potentialAction":[{"@type":"ReadAction","target":["https://rotavicentina.com/eventos/medronhos-festival/"]}]},{"@type":"ImageObject","inLanguage":"en-US","@id":"https://rotavicentina.com/eventos/medronhos-festival/#primaryimage","url":"https://rotavicentina.com/wp-content/uploads/2024/02/0811de21c312-download.jpg","contentUrl":"https://rotavicentina.com/wp-content/uploads/2024/02/0811de21c312-download.jpg","width":640,"height":215},{"@type":"WebSite","@id":"https://rotavicentina.com/#website","url":"https://rotavicentina.com/","name":"Rota Vicentina","description":"A pé pelo Trilho dos Pescadores, Caminho Histórico ou Percursos Circulares ou vá de bicicleta pelos mais de 1000km de Trilhos de Bicicleta na Rota Vicentina.","publisher":{"@id":"https://rotavicentina.com/#organization"},"potentialAction":[{"@type":"SearchAction","target":{"@type":"EntryPoint","urlTemplate":"https://rotavicentina.com/?s={search_term_string}"},"query-input":{"@type":"PropertyValueSpecification","valueRequired":true,"valueName":"search_term_string"}}],"inLanguage":"en-US"},{"@type":"Organization","@id":"https://rotavicentina.com/#organization","name":"Rota Vicentina","url":"https://rotavicentina.com/","logo":{"@type":"ImageObject","inLanguage":"en-US","@id":"https://rotavicentina.com/#/schema/logo/image/","url":"https://rotavicentina.com/wp-content/uploads/2023/02/Rota-Vicentina-SW-Portugal.jpg","contentUrl":"https://rotavicentina.com/wp-content/uploads/2023/02/Rota-Vicentina-SW-Portugal.jpg","width":"852","height":"480","caption":"Rota Vicentina"},"image":{"@id":"https://rotavicentina.com/#/schema/logo/image/"},"sameAs":["https://www.facebook.com/rotavicentina","https://x.com/RotaVicentina","https://www.instagram.com/rotavicentina/","https://pt.linkedin.com/company/rota-vicentina"]}]}</script>
<!-- / Yoast SEO Premium plugin. -->

Medronho&#8217;s Festival will have moments of fun and conferences with the aim of celebrating the Medronho fruit in Sabóia.

A pé pelo Trilho dos Pescadores, Caminho Histórico ou Percursos Circulares ou vá de bicicleta pelos mais de 1000km de Trilhos de Bicicleta na Rota Vicentina.
