{"id":110719,"date":"2023-10-18T11:51:54","date_gmt":"2023-10-18T11:51:54","guid":{"rendered":"https:\/\/rotavicentina.com\/eventos\/gustavito\/"},"modified":"2023-10-18T11:51:54","modified_gmt":"2023-10-18T11:51:54","slug":"gustavito","status":"publish","type":"eventos","link":"https:\/\/rotavicentina.com\/en\/eventos\/gustavito\/","title":{"rendered":"Gustavito"},"content":{"rendered":"<p>Gustavito is a Brazilian sing-songwriter who is currently touring through Portugal spreading his joyous and uplifting songs wherever he goes! He will stop in Sao Luis for an intimate but unforgettable concert together with our dear friend Ana Pomar, who will open the evening with her own creations! If you don&#8217;t know Gustavito check out his Spotify right here https:\/\/open.spotify.com\/artist\/53kKucQBkCHJdnCAeiApI6&#8230; Concert of Brasilian artist Gustavito with opening act from Portuguese singer Ana Pomar.<\/p>\n","protected":false},"excerpt":{"rendered":"<p>Gustavito is a Brazilian sing-songwriter who is currently touring through Portugal spreading his joyous and uplifting songs wherever he goes! He will stop in Sao Luis for an intimate but unforgettable concert together with our dear friend Ana Pomar, who will open the evening with her own creations! If you don&#8217;t know Gustavito check out [&hellip;]<\/p>\n","protected":false},"featured_media":110716,"parent":0,"template":"","eventos-category":[1489,1525],"regiao":[1011],"class_list":["post-110719","eventos","type-eventos","status-publish","has-post-thumbnail","hentry","eventos-category-arts-shows","eventos-category-music","regiao-s-luis-en"],"acf":[],"yoast_head":"<!-- This site is optimized with the Yoast SEO Premium plugin v19.5 (Yoast SEO v27.0) - https:\/\/yoast.com\/product\/yoast-seo-premium-wordpress\/ -->\n<title>Gustavito - Rota Vicentina<\/title>\n<meta name=\"description\" content=\"Gustavito\" \/>\n<meta name=\"robots\" content=\"index, follow, max-snippet:-1, max-image-preview:large, max-video-preview:-1\" \/>\n<link rel=\"canonical\" href=\"https:\/\/rotavicentina.com\/en\/eventos\/gustavito\/\" \/>\n<meta property=\"og:locale\" content=\"en_US\" \/>\n<meta property=\"og:type\" content=\"article\" \/>\n<meta property=\"og:title\" content=\"Gustavito - Rota Vicentina\" \/>\n<meta property=\"og:description\" content=\"Gustavito\" \/>\n<meta property=\"og:url\" content=\"https:\/\/rotavicentina.com\/en\/eventos\/gustavito\/\" \/>\n<meta property=\"og:site_name\" content=\"Rota Vicentina\" \/>\n<meta property=\"article:publisher\" content=\"https:\/\/www.facebook.com\/rotavicentina\" \/>\n<meta property=\"og:image\" content=\"https:\/\/rotavicentina.com\/wp-content\/uploads\/2023\/10\/18037553b2c7-O_Ninho_8-scaled.jpg\" \/>\n\t<meta property=\"og:image:width\" content=\"2560\" \/>\n\t<meta property=\"og:image:height\" content=\"1707\" \/>\n\t<meta property=\"og:image:type\" content=\"image\/jpeg\" \/>\n<meta name=\"twitter:card\" content=\"summary_large_image\" \/>\n<meta name=\"twitter:site\" content=\"@RotaVicentina\" \/>\n<script type=\"application\/ld+json\" class=\"yoast-schema-graph\">{\"@context\":\"https:\/\/schema.org\",\"@graph\":[{\"@type\":\"WebPage\",\"@id\":\"https:\/\/rotavicentina.com\/en\/eventos\/gustavito\/\",\"url\":\"https:\/\/rotavicentina.com\/en\/eventos\/gustavito\/\",\"name\":\"Gustavito - Rota Vicentina\",\"isPartOf\":{\"@id\":\"https:\/\/rotavicentina.com\/#website\"},\"primaryImageOfPage\":{\"@id\":\"https:\/\/rotavicentina.com\/en\/eventos\/gustavito\/#primaryimage\"},\"image\":{\"@id\":\"https:\/\/rotavicentina.com\/en\/eventos\/gustavito\/#primaryimage\"},\"thumbnailUrl\":\"https:\/\/rotavicentina.com\/wp-content\/uploads\/2023\/10\/18037553b2c7-O_Ninho_8-scaled.jpg\",\"datePublished\":\"2023-10-18T11:51:54+00:00\",\"description\":\"Gustavito\",\"inLanguage\":\"en-US\",\"potentialAction\":[{\"@type\":\"ReadAction\",\"target\":[\"https:\/\/rotavicentina.com\/en\/eventos\/gustavito\/\"]}]},{\"@type\":\"ImageObject\",\"inLanguage\":\"en-US\",\"@id\":\"https:\/\/rotavicentina.com\/en\/eventos\/gustavito\/#primaryimage\",\"url\":\"https:\/\/rotavicentina.com\/wp-content\/uploads\/2023\/10\/18037553b2c7-O_Ninho_8-scaled.jpg\",\"contentUrl\":\"https:\/\/rotavicentina.com\/wp-content\/uploads\/2023\/10\/18037553b2c7-O_Ninho_8-scaled.jpg\",\"width\":2560,\"height\":1707},{\"@type\":\"WebSite\",\"@id\":\"https:\/\/rotavicentina.com\/#website\",\"url\":\"https:\/\/rotavicentina.com\/\",\"name\":\"Rota Vicentina\",\"description\":\"A p\u00e9 pelo Trilho dos Pescadores, Caminho Hist\u00f3rico ou Percursos Circulares ou v\u00e1 de bicicleta pelos mais de 1000km de Trilhos de Bicicleta na Rota Vicentina.\",\"publisher\":{\"@id\":\"https:\/\/rotavicentina.com\/#organization\"},\"potentialAction\":[{\"@type\":\"SearchAction\",\"target\":{\"@type\":\"EntryPoint\",\"urlTemplate\":\"https:\/\/rotavicentina.com\/?s={search_term_string}\"},\"query-input\":{\"@type\":\"PropertyValueSpecification\",\"valueRequired\":true,\"valueName\":\"search_term_string\"}}],\"inLanguage\":\"en-US\"},{\"@type\":\"Organization\",\"@id\":\"https:\/\/rotavicentina.com\/#organization\",\"name\":\"Rota Vicentina\",\"url\":\"https:\/\/rotavicentina.com\/\",\"logo\":{\"@type\":\"ImageObject\",\"inLanguage\":\"en-US\",\"@id\":\"https:\/\/rotavicentina.com\/#\/schema\/logo\/image\/\",\"url\":\"https:\/\/rotavicentina.com\/wp-content\/uploads\/2023\/02\/Rota-Vicentina-SW-Portugal.jpg\",\"contentUrl\":\"https:\/\/rotavicentina.com\/wp-content\/uploads\/2023\/02\/Rota-Vicentina-SW-Portugal.jpg\",\"width\":\"852\",\"height\":\"480\",\"caption\":\"Rota Vicentina\"},\"image\":{\"@id\":\"https:\/\/rotavicentina.com\/#\/schema\/logo\/image\/\"},\"sameAs\":[\"https:\/\/www.facebook.com\/rotavicentina\",\"https:\/\/x.com\/RotaVicentina\",\"https:\/\/www.instagram.com\/rotavicentina\/\",\"https:\/\/pt.linkedin.com\/company\/rota-vicentina\"]}]}<\/script>\n<!-- \/ Yoast SEO Premium plugin. -->","yoast_head_json":{"title":"Gustavito - Rota Vicentina","description":"Gustavito","robots":{"index":"index","follow":"follow","max-snippet":"max-snippet:-1","max-image-preview":"max-image-preview:large","max-video-preview":"max-video-preview:-1"},"canonical":"https:\/\/rotavicentina.com\/en\/eventos\/gustavito\/","og_locale":"en_US","og_type":"article","og_title":"Gustavito - Rota Vicentina","og_description":"Gustavito","og_url":"https:\/\/rotavicentina.com\/en\/eventos\/gustavito\/","og_site_name":"Rota Vicentina","article_publisher":"https:\/\/www.facebook.com\/rotavicentina","og_image":[{"width":2560,"height":1707,"url":"https:\/\/rotavicentina.com\/wp-content\/uploads\/2023\/10\/18037553b2c7-O_Ninho_8-scaled.jpg","type":"image\/jpeg"}],"twitter_card":"summary_large_image","twitter_site":"@RotaVicentina","schema":{"@context":"https:\/\/schema.org","@graph":[{"@type":"WebPage","@id":"https:\/\/rotavicentina.com\/en\/eventos\/gustavito\/","url":"https:\/\/rotavicentina.com\/en\/eventos\/gustavito\/","name":"Gustavito - Rota Vicentina","isPartOf":{"@id":"https:\/\/rotavicentina.com\/#website"},"primaryImageOfPage":{"@id":"https:\/\/rotavicentina.com\/en\/eventos\/gustavito\/#primaryimage"},"image":{"@id":"https:\/\/rotavicentina.com\/en\/eventos\/gustavito\/#primaryimage"},"thumbnailUrl":"https:\/\/rotavicentina.com\/wp-content\/uploads\/2023\/10\/18037553b2c7-O_Ninho_8-scaled.jpg","datePublished":"2023-10-18T11:51:54+00:00","description":"Gustavito","inLanguage":"en-US","potentialAction":[{"@type":"ReadAction","target":["https:\/\/rotavicentina.com\/en\/eventos\/gustavito\/"]}]},{"@type":"ImageObject","inLanguage":"en-US","@id":"https:\/\/rotavicentina.com\/en\/eventos\/gustavito\/#primaryimage","url":"https:\/\/rotavicentina.com\/wp-content\/uploads\/2023\/10\/18037553b2c7-O_Ninho_8-scaled.jpg","contentUrl":"https:\/\/rotavicentina.com\/wp-content\/uploads\/2023\/10\/18037553b2c7-O_Ninho_8-scaled.jpg","width":2560,"height":1707},{"@type":"WebSite","@id":"https:\/\/rotavicentina.com\/#website","url":"https:\/\/rotavicentina.com\/","name":"Rota Vicentina","description":"A p\u00e9 pelo Trilho dos Pescadores, Caminho Hist\u00f3rico ou Percursos Circulares ou v\u00e1 de bicicleta pelos mais de 1000km de Trilhos de Bicicleta na Rota Vicentina.","publisher":{"@id":"https:\/\/rotavicentina.com\/#organization"},"potentialAction":[{"@type":"SearchAction","target":{"@type":"EntryPoint","urlTemplate":"https:\/\/rotavicentina.com\/?s={search_term_string}"},"query-input":{"@type":"PropertyValueSpecification","valueRequired":true,"valueName":"search_term_string"}}],"inLanguage":"en-US"},{"@type":"Organization","@id":"https:\/\/rotavicentina.com\/#organization","name":"Rota Vicentina","url":"https:\/\/rotavicentina.com\/","logo":{"@type":"ImageObject","inLanguage":"en-US","@id":"https:\/\/rotavicentina.com\/#\/schema\/logo\/image\/","url":"https:\/\/rotavicentina.com\/wp-content\/uploads\/2023\/02\/Rota-Vicentina-SW-Portugal.jpg","contentUrl":"https:\/\/rotavicentina.com\/wp-content\/uploads\/2023\/02\/Rota-Vicentina-SW-Portugal.jpg","width":"852","height":"480","caption":"Rota Vicentina"},"image":{"@id":"https:\/\/rotavicentina.com\/#\/schema\/logo\/image\/"},"sameAs":["https:\/\/www.facebook.com\/rotavicentina","https:\/\/x.com\/RotaVicentina","https:\/\/www.instagram.com\/rotavicentina\/","https:\/\/pt.linkedin.com\/company\/rota-vicentina"]}]}},"_links":{"self":[{"href":"https:\/\/rotavicentina.com\/en\/wp-json\/wp\/v2\/eventos\/110719","targetHints":{"allow":["GET"]}}],"collection":[{"href":"https:\/\/rotavicentina.com\/en\/wp-json\/wp\/v2\/eventos"}],"about":[{"href":"https:\/\/rotavicentina.com\/en\/wp-json\/wp\/v2\/types\/eventos"}],"wp:featuredmedia":[{"embeddable":true,"href":"https:\/\/rotavicentina.com\/en\/wp-json\/wp\/v2\/media\/110716"}],"wp:attachment":[{"href":"https:\/\/rotavicentina.com\/en\/wp-json\/wp\/v2\/media?parent=110719"}],"wp:term":[{"taxonomy":"eventos-category","embeddable":true,"href":"https:\/\/rotavicentina.com\/en\/wp-json\/wp\/v2\/eventos-category?post=110719"},{"taxonomy":"regiao","embeddable":true,"href":"https:\/\/rotavicentina.com\/en\/wp-json\/wp\/v2\/regiao?post=110719"}],"curies":[{"name":"wp","href":"https:\/\/api.w.org\/{rel}","templated":true}]}}

<!-- This site is optimized with the Yoast SEO Premium plugin v19.5 (Yoast SEO v27.0) - https://yoast.com/product/yoast-seo-premium-wordpress/ -->
<title>Gustavito - Rota Vicentina</title>
<meta name="description" content="Gustavito" />
<meta name="robots" content="index, follow, max-snippet:-1, max-image-preview:large, max-video-preview:-1" />
<link rel="canonical" href="https://rotavicentina.com/en/eventos/gustavito/" />
<meta property="og:locale" content="en_US" />
<meta property="og:type" content="article" />
<meta property="og:title" content="Gustavito - Rota Vicentina" />
<meta property="og:description" content="Gustavito" />
<meta property="og:url" content="https://rotavicentina.com/en/eventos/gustavito/" />
<meta property="og:site_name" content="Rota Vicentina" />
<meta property="article:publisher" content="https://www.facebook.com/rotavicentina" />
<meta property="og:image" content="https://rotavicentina.com/wp-content/uploads/2023/10/18037553b2c7-O_Ninho_8-scaled.jpg" />
	<meta property="og:image:width" content="2560" />
	<meta property="og:image:height" content="1707" />
	<meta property="og:image:type" content="image/jpeg" />
<meta name="twitter:card" content="summary_large_image" />
<meta name="twitter:site" content="@RotaVicentina" />
<script type="application/ld+json" class="yoast-schema-graph">{"@context":"https://schema.org","@graph":[{"@type":"WebPage","@id":"https://rotavicentina.com/en/eventos/gustavito/","url":"https://rotavicentina.com/en/eventos/gustavito/","name":"Gustavito - Rota Vicentina","isPartOf":{"@id":"https://rotavicentina.com/#website"},"primaryImageOfPage":{"@id":"https://rotavicentina.com/en/eventos/gustavito/#primaryimage"},"image":{"@id":"https://rotavicentina.com/en/eventos/gustavito/#primaryimage"},"thumbnailUrl":"https://rotavicentina.com/wp-content/uploads/2023/10/18037553b2c7-O_Ninho_8-scaled.jpg","datePublished":"2023-10-18T11:51:54+00:00","description":"Gustavito","inLanguage":"en-US","potentialAction":[{"@type":"ReadAction","target":["https://rotavicentina.com/en/eventos/gustavito/"]}]},{"@type":"ImageObject","inLanguage":"en-US","@id":"https://rotavicentina.com/en/eventos/gustavito/#primaryimage","url":"https://rotavicentina.com/wp-content/uploads/2023/10/18037553b2c7-O_Ninho_8-scaled.jpg","contentUrl":"https://rotavicentina.com/wp-content/uploads/2023/10/18037553b2c7-O_Ninho_8-scaled.jpg","width":2560,"height":1707},{"@type":"WebSite","@id":"https://rotavicentina.com/#website","url":"https://rotavicentina.com/","name":"Rota Vicentina","description":"A pé pelo Trilho dos Pescadores, Caminho Histórico ou Percursos Circulares ou vá de bicicleta pelos mais de 1000km de Trilhos de Bicicleta na Rota Vicentina.","publisher":{"@id":"https://rotavicentina.com/#organization"},"potentialAction":[{"@type":"SearchAction","target":{"@type":"EntryPoint","urlTemplate":"https://rotavicentina.com/?s={search_term_string}"},"query-input":{"@type":"PropertyValueSpecification","valueRequired":true,"valueName":"search_term_string"}}],"inLanguage":"en-US"},{"@type":"Organization","@id":"https://rotavicentina.com/#organization","name":"Rota Vicentina","url":"https://rotavicentina.com/","logo":{"@type":"ImageObject","inLanguage":"en-US","@id":"https://rotavicentina.com/#/schema/logo/image/","url":"https://rotavicentina.com/wp-content/uploads/2023/02/Rota-Vicentina-SW-Portugal.jpg","contentUrl":"https://rotavicentina.com/wp-content/uploads/2023/02/Rota-Vicentina-SW-Portugal.jpg","width":"852","height":"480","caption":"Rota Vicentina"},"image":{"@id":"https://rotavicentina.com/#/schema/logo/image/"},"sameAs":["https://www.facebook.com/rotavicentina","https://x.com/RotaVicentina","https://www.instagram.com/rotavicentina/","https://pt.linkedin.com/company/rota-vicentina"]}]}</script>
<!-- / Yoast SEO Premium plugin. -->

A pé pelo Trilho dos Pescadores, Caminho Histórico ou Percursos Circulares ou vá de bicicleta pelos mais de 1000km de Trilhos de Bicicleta na Rota Vicentina.
