{"id":106902,"date":"2023-07-31T09:38:40","date_gmt":"2023-07-31T09:38:40","guid":{"rendered":"https:\/\/rotavicentina.com\/eventos\/a-estrada-festival\/"},"modified":"2023-07-31T10:01:35","modified_gmt":"2023-07-31T10:01:35","slug":"a-estrada-festival","status":"publish","type":"eventos","link":"https:\/\/rotavicentina.com\/en\/eventos\/a-estrada-festival\/","title":{"rendered":"A Estrada Festival"},"content":{"rendered":"<p><span data-sheets-value=\"{\" data-sheets-userformat=\"{\">A Estrada Festival takes place along one of the most beautiful municipal roads in Portugal, Estrada Municipal 544, located in one of the regions with the lowest population density, where the green of the forest and the blue of the sea are the dominant spots in the immensity of the landscapes that can be seen from the festus line of Serra de S\u00e3o Francisco.<\/span><\/p>\n<p>The 2023 edition, from August 9th to 12th, deepens and specifies the original and relevant concept of the event: the experience of a territory through a cultural program focused on music, along the road that connects Serra de S\u00e3o Francisco to the beach line of the Costa de Santo Andr\u00e9, like a backbone between the Mountains and the Sea, meandering down the slope through the green of the cork oak forests and always with the blue ocean in the background.<\/p>\n<p>Positioning itself as a new generation, innovative, ecological and integrating event, the festival has as its premises the itinerancy of the program throughout iconic places in the territory and the framing of its artistic proposals in the landscape, with the minimum possible visual noise and the maximum focus on the relationship with the spirit of each place.<\/p>\n<p>https:\/\/festivalaestrada.seetickets.com\/content\/ticket-options?lang=pt-PT<\/p>\n","protected":false},"excerpt":{"rendered":"<p>A Estrada Festival takes place along one of the most beautiful municipal roads in Portugal, Estrada Municipal 544, located in one of the regions with the lowest population density, where the green of the forest and the blue of the sea are the dominant spots in the immensity of the landscapes that can be seen [&hellip;]<\/p>\n","protected":false},"featured_media":106893,"parent":0,"template":"","eventos-category":[1489,1565,1525],"regiao":[1043,1349],"class_list":["post-106902","eventos","type-eventos","status-publish","has-post-thumbnail","hentry","eventos-category-arts-shows","eventos-category-community","eventos-category-music","regiao-santiago-do-cacem-en","regiao-vila-nova-de-santo-andre-en"],"acf":[],"yoast_head":"<!-- This site is optimized with the Yoast SEO Premium plugin v19.5 (Yoast SEO v27.0) - https:\/\/yoast.com\/product\/yoast-seo-premium-wordpress\/ -->\n<title>A Estrada Festival - Rota Vicentina<\/title>\n<meta name=\"description\" content=\"A Estrada Festival\" \/>\n<meta name=\"robots\" content=\"index, follow, max-snippet:-1, max-image-preview:large, max-video-preview:-1\" \/>\n<link rel=\"canonical\" href=\"https:\/\/rotavicentina.com\/en\/eventos\/a-estrada-festival\/\" \/>\n<meta property=\"og:locale\" content=\"en_US\" \/>\n<meta property=\"og:type\" content=\"article\" \/>\n<meta property=\"og:title\" content=\"A Estrada Festival - Rota Vicentina\" \/>\n<meta property=\"og:description\" content=\"A Estrada Festival\" \/>\n<meta property=\"og:url\" content=\"https:\/\/rotavicentina.com\/en\/eventos\/a-estrada-festival\/\" \/>\n<meta property=\"og:site_name\" content=\"Rota Vicentina\" \/>\n<meta property=\"article:publisher\" content=\"https:\/\/www.facebook.com\/rotavicentina\" \/>\n<meta property=\"article:modified_time\" content=\"2023-07-31T10:01:35+00:00\" \/>\n<meta property=\"og:image\" content=\"https:\/\/rotavicentina.com\/wp-content\/uploads\/2023\/07\/rota.jpg\" \/>\n\t<meta property=\"og:image:width\" content=\"608\" \/>\n\t<meta property=\"og:image:height\" content=\"405\" \/>\n\t<meta property=\"og:image:type\" content=\"image\/jpeg\" \/>\n<meta name=\"twitter:card\" content=\"summary_large_image\" \/>\n<meta name=\"twitter:title\" content=\"A Estrada Festival\" \/>\n<meta name=\"twitter:description\" content=\"A Estrada Festival\" \/>\n<meta name=\"twitter:site\" content=\"@RotaVicentina\" \/>\n<meta name=\"twitter:label1\" content=\"Est. reading time\" \/>\n\t<meta name=\"twitter:data1\" content=\"1 minute\" \/>\n<script type=\"application\/ld+json\" class=\"yoast-schema-graph\">{\"@context\":\"https:\/\/schema.org\",\"@graph\":[{\"@type\":\"WebPage\",\"@id\":\"https:\/\/rotavicentina.com\/en\/eventos\/a-estrada-festival\/\",\"url\":\"https:\/\/rotavicentina.com\/en\/eventos\/a-estrada-festival\/\",\"name\":\"A Estrada Festival - Rota Vicentina\",\"isPartOf\":{\"@id\":\"https:\/\/rotavicentina.com\/#website\"},\"primaryImageOfPage\":{\"@id\":\"https:\/\/rotavicentina.com\/en\/eventos\/a-estrada-festival\/#primaryimage\"},\"image\":{\"@id\":\"https:\/\/rotavicentina.com\/en\/eventos\/a-estrada-festival\/#primaryimage\"},\"thumbnailUrl\":\"https:\/\/rotavicentina.com\/wp-content\/uploads\/2023\/07\/rota.jpg\",\"datePublished\":\"2023-07-31T09:38:40+00:00\",\"dateModified\":\"2023-07-31T10:01:35+00:00\",\"description\":\"A Estrada Festival\",\"inLanguage\":\"en-US\",\"potentialAction\":[{\"@type\":\"ReadAction\",\"target\":[\"https:\/\/rotavicentina.com\/en\/eventos\/a-estrada-festival\/\"]}]},{\"@type\":\"ImageObject\",\"inLanguage\":\"en-US\",\"@id\":\"https:\/\/rotavicentina.com\/en\/eventos\/a-estrada-festival\/#primaryimage\",\"url\":\"https:\/\/rotavicentina.com\/wp-content\/uploads\/2023\/07\/rota.jpg\",\"contentUrl\":\"https:\/\/rotavicentina.com\/wp-content\/uploads\/2023\/07\/rota.jpg\",\"width\":608,\"height\":405},{\"@type\":\"WebSite\",\"@id\":\"https:\/\/rotavicentina.com\/#website\",\"url\":\"https:\/\/rotavicentina.com\/\",\"name\":\"Rota Vicentina\",\"description\":\"A p\u00e9 pelo Trilho dos Pescadores, Caminho Hist\u00f3rico ou Percursos Circulares ou v\u00e1 de bicicleta pelos mais de 1000km de Trilhos de Bicicleta na Rota Vicentina.\",\"publisher\":{\"@id\":\"https:\/\/rotavicentina.com\/#organization\"},\"potentialAction\":[{\"@type\":\"SearchAction\",\"target\":{\"@type\":\"EntryPoint\",\"urlTemplate\":\"https:\/\/rotavicentina.com\/?s={search_term_string}\"},\"query-input\":{\"@type\":\"PropertyValueSpecification\",\"valueRequired\":true,\"valueName\":\"search_term_string\"}}],\"inLanguage\":\"en-US\"},{\"@type\":\"Organization\",\"@id\":\"https:\/\/rotavicentina.com\/#organization\",\"name\":\"Rota Vicentina\",\"url\":\"https:\/\/rotavicentina.com\/\",\"logo\":{\"@type\":\"ImageObject\",\"inLanguage\":\"en-US\",\"@id\":\"https:\/\/rotavicentina.com\/#\/schema\/logo\/image\/\",\"url\":\"https:\/\/rotavicentina.com\/wp-content\/uploads\/2023\/02\/Rota-Vicentina-SW-Portugal.jpg\",\"contentUrl\":\"https:\/\/rotavicentina.com\/wp-content\/uploads\/2023\/02\/Rota-Vicentina-SW-Portugal.jpg\",\"width\":\"852\",\"height\":\"480\",\"caption\":\"Rota Vicentina\"},\"image\":{\"@id\":\"https:\/\/rotavicentina.com\/#\/schema\/logo\/image\/\"},\"sameAs\":[\"https:\/\/www.facebook.com\/rotavicentina\",\"https:\/\/x.com\/RotaVicentina\",\"https:\/\/www.instagram.com\/rotavicentina\/\",\"https:\/\/pt.linkedin.com\/company\/rota-vicentina\"]}]}<\/script>\n<!-- \/ Yoast SEO Premium plugin. -->","yoast_head_json":{"title":"A Estrada Festival - Rota Vicentina","description":"A Estrada Festival","robots":{"index":"index","follow":"follow","max-snippet":"max-snippet:-1","max-image-preview":"max-image-preview:large","max-video-preview":"max-video-preview:-1"},"canonical":"https:\/\/rotavicentina.com\/en\/eventos\/a-estrada-festival\/","og_locale":"en_US","og_type":"article","og_title":"A Estrada Festival - Rota Vicentina","og_description":"A Estrada Festival","og_url":"https:\/\/rotavicentina.com\/en\/eventos\/a-estrada-festival\/","og_site_name":"Rota Vicentina","article_publisher":"https:\/\/www.facebook.com\/rotavicentina","article_modified_time":"2023-07-31T10:01:35+00:00","og_image":[{"width":608,"height":405,"url":"https:\/\/rotavicentina.com\/wp-content\/uploads\/2023\/07\/rota.jpg","type":"image\/jpeg"}],"twitter_card":"summary_large_image","twitter_title":"A Estrada Festival","twitter_description":"A Estrada Festival","twitter_site":"@RotaVicentina","twitter_misc":{"Est. reading time":"1 minute"},"schema":{"@context":"https:\/\/schema.org","@graph":[{"@type":"WebPage","@id":"https:\/\/rotavicentina.com\/en\/eventos\/a-estrada-festival\/","url":"https:\/\/rotavicentina.com\/en\/eventos\/a-estrada-festival\/","name":"A Estrada Festival - Rota Vicentina","isPartOf":{"@id":"https:\/\/rotavicentina.com\/#website"},"primaryImageOfPage":{"@id":"https:\/\/rotavicentina.com\/en\/eventos\/a-estrada-festival\/#primaryimage"},"image":{"@id":"https:\/\/rotavicentina.com\/en\/eventos\/a-estrada-festival\/#primaryimage"},"thumbnailUrl":"https:\/\/rotavicentina.com\/wp-content\/uploads\/2023\/07\/rota.jpg","datePublished":"2023-07-31T09:38:40+00:00","dateModified":"2023-07-31T10:01:35+00:00","description":"A Estrada Festival","inLanguage":"en-US","potentialAction":[{"@type":"ReadAction","target":["https:\/\/rotavicentina.com\/en\/eventos\/a-estrada-festival\/"]}]},{"@type":"ImageObject","inLanguage":"en-US","@id":"https:\/\/rotavicentina.com\/en\/eventos\/a-estrada-festival\/#primaryimage","url":"https:\/\/rotavicentina.com\/wp-content\/uploads\/2023\/07\/rota.jpg","contentUrl":"https:\/\/rotavicentina.com\/wp-content\/uploads\/2023\/07\/rota.jpg","width":608,"height":405},{"@type":"WebSite","@id":"https:\/\/rotavicentina.com\/#website","url":"https:\/\/rotavicentina.com\/","name":"Rota Vicentina","description":"A p\u00e9 pelo Trilho dos Pescadores, Caminho Hist\u00f3rico ou Percursos Circulares ou v\u00e1 de bicicleta pelos mais de 1000km de Trilhos de Bicicleta na Rota Vicentina.","publisher":{"@id":"https:\/\/rotavicentina.com\/#organization"},"potentialAction":[{"@type":"SearchAction","target":{"@type":"EntryPoint","urlTemplate":"https:\/\/rotavicentina.com\/?s={search_term_string}"},"query-input":{"@type":"PropertyValueSpecification","valueRequired":true,"valueName":"search_term_string"}}],"inLanguage":"en-US"},{"@type":"Organization","@id":"https:\/\/rotavicentina.com\/#organization","name":"Rota Vicentina","url":"https:\/\/rotavicentina.com\/","logo":{"@type":"ImageObject","inLanguage":"en-US","@id":"https:\/\/rotavicentina.com\/#\/schema\/logo\/image\/","url":"https:\/\/rotavicentina.com\/wp-content\/uploads\/2023\/02\/Rota-Vicentina-SW-Portugal.jpg","contentUrl":"https:\/\/rotavicentina.com\/wp-content\/uploads\/2023\/02\/Rota-Vicentina-SW-Portugal.jpg","width":"852","height":"480","caption":"Rota Vicentina"},"image":{"@id":"https:\/\/rotavicentina.com\/#\/schema\/logo\/image\/"},"sameAs":["https:\/\/www.facebook.com\/rotavicentina","https:\/\/x.com\/RotaVicentina","https:\/\/www.instagram.com\/rotavicentina\/","https:\/\/pt.linkedin.com\/company\/rota-vicentina"]}]}},"_links":{"self":[{"href":"https:\/\/rotavicentina.com\/en\/wp-json\/wp\/v2\/eventos\/106902","targetHints":{"allow":["GET"]}}],"collection":[{"href":"https:\/\/rotavicentina.com\/en\/wp-json\/wp\/v2\/eventos"}],"about":[{"href":"https:\/\/rotavicentina.com\/en\/wp-json\/wp\/v2\/types\/eventos"}],"wp:featuredmedia":[{"embeddable":true,"href":"https:\/\/rotavicentina.com\/en\/wp-json\/wp\/v2\/media\/106893"}],"wp:attachment":[{"href":"https:\/\/rotavicentina.com\/en\/wp-json\/wp\/v2\/media?parent=106902"}],"wp:term":[{"taxonomy":"eventos-category","embeddable":true,"href":"https:\/\/rotavicentina.com\/en\/wp-json\/wp\/v2\/eventos-category?post=106902"},{"taxonomy":"regiao","embeddable":true,"href":"https:\/\/rotavicentina.com\/en\/wp-json\/wp\/v2\/regiao?post=106902"}],"curies":[{"name":"wp","href":"https:\/\/api.w.org\/{rel}","templated":true}]}}

<p><span data-sheets-value="{" data-sheets-userformat="{">A Estrada Festival takes place along one of the most beautiful municipal roads in Portugal, Estrada Municipal 544, located in one of the regions with the lowest population density, where the green of the forest and the blue of the sea are the dominant spots in the immensity of the landscapes that can be seen from the festus line of Serra de São Francisco.</span></p>
<p>The 2023 edition, from August 9th to 12th, deepens and specifies the original and relevant concept of the event: the experience of a territory through a cultural program focused on music, along the road that connects Serra de São Francisco to the beach line of the Costa de Santo André, like a backbone between the Mountains and the Sea, meandering down the slope through the green of the cork oak forests and always with the blue ocean in the background.</p>
<p>Positioning itself as a new generation, innovative, ecological and integrating event, the festival has as its premises the itinerancy of the program throughout iconic places in the territory and the framing of its artistic proposals in the landscape, with the minimum possible visual noise and the maximum focus on the relationship with the spirit of each place.</p>
<p>https://festivalaestrada.seetickets.com/content/ticket-options?lang=pt-PT</p>

<!-- This site is optimized with the Yoast SEO Premium plugin v19.5 (Yoast SEO v27.0) - https://yoast.com/product/yoast-seo-premium-wordpress/ -->
<title>A Estrada Festival - Rota Vicentina</title>
<meta name="description" content="A Estrada Festival" />
<meta name="robots" content="index, follow, max-snippet:-1, max-image-preview:large, max-video-preview:-1" />
<link rel="canonical" href="https://rotavicentina.com/en/eventos/a-estrada-festival/" />
<meta property="og:locale" content="en_US" />
<meta property="og:type" content="article" />
<meta property="og:title" content="A Estrada Festival - Rota Vicentina" />
<meta property="og:description" content="A Estrada Festival" />
<meta property="og:url" content="https://rotavicentina.com/en/eventos/a-estrada-festival/" />
<meta property="og:site_name" content="Rota Vicentina" />
<meta property="article:publisher" content="https://www.facebook.com/rotavicentina" />
<meta property="article:modified_time" content="2023-07-31T10:01:35+00:00" />
<meta property="og:image" content="https://rotavicentina.com/wp-content/uploads/2023/07/rota.jpg" />
	<meta property="og:image:width" content="608" />
	<meta property="og:image:height" content="405" />
	<meta property="og:image:type" content="image/jpeg" />
<meta name="twitter:card" content="summary_large_image" />
<meta name="twitter:title" content="A Estrada Festival" />
<meta name="twitter:description" content="A Estrada Festival" />
<meta name="twitter:site" content="@RotaVicentina" />
<meta name="twitter:label1" content="Est. reading time" />
	<meta name="twitter:data1" content="1 minute" />
<script type="application/ld+json" class="yoast-schema-graph">{"@context":"https://schema.org","@graph":[{"@type":"WebPage","@id":"https://rotavicentina.com/en/eventos/a-estrada-festival/","url":"https://rotavicentina.com/en/eventos/a-estrada-festival/","name":"A Estrada Festival - Rota Vicentina","isPartOf":{"@id":"https://rotavicentina.com/#website"},"primaryImageOfPage":{"@id":"https://rotavicentina.com/en/eventos/a-estrada-festival/#primaryimage"},"image":{"@id":"https://rotavicentina.com/en/eventos/a-estrada-festival/#primaryimage"},"thumbnailUrl":"https://rotavicentina.com/wp-content/uploads/2023/07/rota.jpg","datePublished":"2023-07-31T09:38:40+00:00","dateModified":"2023-07-31T10:01:35+00:00","description":"A Estrada Festival","inLanguage":"en-US","potentialAction":[{"@type":"ReadAction","target":["https://rotavicentina.com/en/eventos/a-estrada-festival/"]}]},{"@type":"ImageObject","inLanguage":"en-US","@id":"https://rotavicentina.com/en/eventos/a-estrada-festival/#primaryimage","url":"https://rotavicentina.com/wp-content/uploads/2023/07/rota.jpg","contentUrl":"https://rotavicentina.com/wp-content/uploads/2023/07/rota.jpg","width":608,"height":405},{"@type":"WebSite","@id":"https://rotavicentina.com/#website","url":"https://rotavicentina.com/","name":"Rota Vicentina","description":"A pé pelo Trilho dos Pescadores, Caminho Histórico ou Percursos Circulares ou vá de bicicleta pelos mais de 1000km de Trilhos de Bicicleta na Rota Vicentina.","publisher":{"@id":"https://rotavicentina.com/#organization"},"potentialAction":[{"@type":"SearchAction","target":{"@type":"EntryPoint","urlTemplate":"https://rotavicentina.com/?s={search_term_string}"},"query-input":{"@type":"PropertyValueSpecification","valueRequired":true,"valueName":"search_term_string"}}],"inLanguage":"en-US"},{"@type":"Organization","@id":"https://rotavicentina.com/#organization","name":"Rota Vicentina","url":"https://rotavicentina.com/","logo":{"@type":"ImageObject","inLanguage":"en-US","@id":"https://rotavicentina.com/#/schema/logo/image/","url":"https://rotavicentina.com/wp-content/uploads/2023/02/Rota-Vicentina-SW-Portugal.jpg","contentUrl":"https://rotavicentina.com/wp-content/uploads/2023/02/Rota-Vicentina-SW-Portugal.jpg","width":"852","height":"480","caption":"Rota Vicentina"},"image":{"@id":"https://rotavicentina.com/#/schema/logo/image/"},"sameAs":["https://www.facebook.com/rotavicentina","https://x.com/RotaVicentina","https://www.instagram.com/rotavicentina/","https://pt.linkedin.com/company/rota-vicentina"]}]}</script>
<!-- / Yoast SEO Premium plugin. -->

A pé pelo Trilho dos Pescadores, Caminho Histórico ou Percursos Circulares ou vá de bicicleta pelos mais de 1000km de Trilhos de Bicicleta na Rota Vicentina.
