{"id":94105,"date":"2023-02-10T17:42:21","date_gmt":"2023-02-10T17:42:21","guid":{"rendered":"https:\/\/rotavicentina.com\/eventos\/semana-id-final-party\/"},"modified":"2023-03-13T15:18:02","modified_gmt":"2023-03-13T15:18:02","slug":"semana-id-final-party","status":"publish","type":"eventos","link":"https:\/\/rotavicentina.com\/de\/eventos\/semana-id-final-party\/","title":{"rendered":"E v\u00e1 Balho!"},"content":{"rendered":"<p><strong>E v\u00e1 Balho!<\/strong><\/p>\n<p>Around the hills of Odemira\u00b4s countryside, whenever people felt for singing and dancing, someone would say \u201cE v\u00e1 Balho!\u201d and the party would get started.<\/p>\n<p>Inspired by the Ethnographic Group Gente do Ato Mira, 4 musicians and two dancers recreate the \u201cBalho\u201d party to celebrate the richness of traditional portuguese music and dance.<\/p>\n<p>We will start with an open class to the whole community, where we will get familiar with traditional instruments, learn how to sing and dance, but also learn more about the history, influences and social background of our traditions.<\/p>\n<p>By the hand of the Ethnographic Group Gente do Alto Mira, we will go on a journey which will take us from Alentejo to other portuguese regions, discovering our country through its songs and dances.<\/p>\n<p>Once we have learned the lesson, the party will go on with an animated concert where traditions from north to south of Portugal will merge into the magic of traditional instruments and the joy of dancing our culture together!<\/p>\n<p>It will be offered the traditional stew (bring a plate and cutlery) and there are more options in the village to have dinner!<\/p>\n<p><strong>Open Class: 17:30-19:30<\/strong><br \/>\n<strong>Dance: 21:00-23:00<\/strong><\/p>\n","protected":false},"excerpt":{"rendered":"<p>E v\u00e1 Balho! Around the hills of Odemira\u00b4s countryside, whenever people felt for singing and dancing, someone would say \u201cE v\u00e1 Balho!\u201d and the party would get started. Inspired by the Ethnographic Group Gente do Ato Mira, 4 musicians and two dancers recreate the \u201cBalho\u201d party to celebrate the richness of traditional portuguese music and [&hellip;]<\/p>\n","protected":false},"featured_media":96579,"parent":0,"template":"","eventos-category":[1512,1527,1536],"regiao":[1357],"class_list":["post-94105","eventos","type-eventos","status-publish","has-post-thumbnail","hentry","eventos-category-gastronomie-wein","eventos-category-musik","eventos-category-semana-id-de","regiao-saboia-de"],"acf":[],"yoast_head":"<!-- This site is optimized with the Yoast SEO Premium plugin v19.5 (Yoast SEO v27.0) - https:\/\/yoast.com\/product\/yoast-seo-premium-wordpress\/ -->\n<title>E v\u00e1 Balho! - Rota Vicentina<\/title>\n<meta name=\"robots\" content=\"index, follow, max-snippet:-1, max-image-preview:large, max-video-preview:-1\" \/>\n<link rel=\"canonical\" href=\"https:\/\/rotavicentina.com\/de\/eventos\/semana-id-final-party\/\" \/>\n<meta property=\"og:locale\" content=\"de_DE\" \/>\n<meta property=\"og:type\" content=\"article\" \/>\n<meta property=\"og:title\" content=\"E v\u00e1 Balho! - Rota Vicentina\" \/>\n<meta property=\"og:description\" content=\"E v\u00e1 Balho! Around the hills of Odemira\u00b4s countryside, whenever people felt for singing and dancing, someone would say \u201cE v\u00e1 Balho!\u201d and the party would get started. Inspired by the Ethnographic Group Gente do Ato Mira, 4 musicians and two dancers recreate the \u201cBalho\u201d party to celebrate the richness of traditional portuguese music and [&hellip;]\" \/>\n<meta property=\"og:url\" content=\"https:\/\/rotavicentina.com\/de\/eventos\/semana-id-final-party\/\" \/>\n<meta property=\"og:site_name\" content=\"Rota Vicentina\" \/>\n<meta property=\"article:publisher\" content=\"https:\/\/www.facebook.com\/rotavicentina\" \/>\n<meta property=\"article:modified_time\" content=\"2023-03-13T15:18:02+00:00\" \/>\n<meta property=\"og:image\" content=\"https:\/\/rotavicentina.com\/wp-content\/uploads\/2023\/02\/V2.png\" \/>\n\t<meta property=\"og:image:width\" content=\"852\" \/>\n\t<meta property=\"og:image:height\" content=\"480\" \/>\n\t<meta property=\"og:image:type\" content=\"image\/png\" \/>\n<meta name=\"twitter:card\" content=\"summary_large_image\" \/>\n<meta name=\"twitter:site\" content=\"@RotaVicentina\" \/>\n<meta name=\"twitter:label1\" content=\"Gesch\u00e4tzte Lesezeit\" \/>\n\t<meta name=\"twitter:data1\" content=\"1\u00a0Minute\" \/>\n<script type=\"application\/ld+json\" class=\"yoast-schema-graph\">{\"@context\":\"https:\/\/schema.org\",\"@graph\":[{\"@type\":\"WebPage\",\"@id\":\"https:\/\/rotavicentina.com\/de\/eventos\/semana-id-final-party\/\",\"url\":\"https:\/\/rotavicentina.com\/de\/eventos\/semana-id-final-party\/\",\"name\":\"E v\u00e1 Balho! - Rota Vicentina\",\"isPartOf\":{\"@id\":\"https:\/\/rotavicentina.com\/#website\"},\"primaryImageOfPage\":{\"@id\":\"https:\/\/rotavicentina.com\/de\/eventos\/semana-id-final-party\/#primaryimage\"},\"image\":{\"@id\":\"https:\/\/rotavicentina.com\/de\/eventos\/semana-id-final-party\/#primaryimage\"},\"thumbnailUrl\":\"https:\/\/rotavicentina.com\/wp-content\/uploads\/2023\/02\/V2.png\",\"datePublished\":\"2023-02-10T17:42:21+00:00\",\"dateModified\":\"2023-03-13T15:18:02+00:00\",\"inLanguage\":\"de\",\"potentialAction\":[{\"@type\":\"ReadAction\",\"target\":[\"https:\/\/rotavicentina.com\/de\/eventos\/semana-id-final-party\/\"]}]},{\"@type\":\"ImageObject\",\"inLanguage\":\"de\",\"@id\":\"https:\/\/rotavicentina.com\/de\/eventos\/semana-id-final-party\/#primaryimage\",\"url\":\"https:\/\/rotavicentina.com\/wp-content\/uploads\/2023\/02\/V2.png\",\"contentUrl\":\"https:\/\/rotavicentina.com\/wp-content\/uploads\/2023\/02\/V2.png\",\"width\":852,\"height\":480},{\"@type\":\"WebSite\",\"@id\":\"https:\/\/rotavicentina.com\/#website\",\"url\":\"https:\/\/rotavicentina.com\/\",\"name\":\"Rota Vicentina\",\"description\":\"A p\u00e9 pelo Trilho dos Pescadores, Caminho Hist\u00f3rico ou Percursos Circulares ou v\u00e1 de bicicleta pelos mais de 1000km de Trilhos de Bicicleta na Rota Vicentina.\",\"publisher\":{\"@id\":\"https:\/\/rotavicentina.com\/#organization\"},\"potentialAction\":[{\"@type\":\"SearchAction\",\"target\":{\"@type\":\"EntryPoint\",\"urlTemplate\":\"https:\/\/rotavicentina.com\/?s={search_term_string}\"},\"query-input\":{\"@type\":\"PropertyValueSpecification\",\"valueRequired\":true,\"valueName\":\"search_term_string\"}}],\"inLanguage\":\"de\"},{\"@type\":\"Organization\",\"@id\":\"https:\/\/rotavicentina.com\/#organization\",\"name\":\"Rota Vicentina\",\"url\":\"https:\/\/rotavicentina.com\/\",\"logo\":{\"@type\":\"ImageObject\",\"inLanguage\":\"de\",\"@id\":\"https:\/\/rotavicentina.com\/#\/schema\/logo\/image\/\",\"url\":\"https:\/\/rotavicentina.com\/wp-content\/uploads\/2023\/02\/Rota-Vicentina-SW-Portugal.jpg\",\"contentUrl\":\"https:\/\/rotavicentina.com\/wp-content\/uploads\/2023\/02\/Rota-Vicentina-SW-Portugal.jpg\",\"width\":\"852\",\"height\":\"480\",\"caption\":\"Rota Vicentina\"},\"image\":{\"@id\":\"https:\/\/rotavicentina.com\/#\/schema\/logo\/image\/\"},\"sameAs\":[\"https:\/\/www.facebook.com\/rotavicentina\",\"https:\/\/x.com\/RotaVicentina\",\"https:\/\/www.instagram.com\/rotavicentina\/\",\"https:\/\/pt.linkedin.com\/company\/rota-vicentina\"]}]}<\/script>\n<!-- \/ Yoast SEO Premium plugin. -->","yoast_head_json":{"title":"E v\u00e1 Balho! - Rota Vicentina","robots":{"index":"index","follow":"follow","max-snippet":"max-snippet:-1","max-image-preview":"max-image-preview:large","max-video-preview":"max-video-preview:-1"},"canonical":"https:\/\/rotavicentina.com\/de\/eventos\/semana-id-final-party\/","og_locale":"de_DE","og_type":"article","og_title":"E v\u00e1 Balho! - Rota Vicentina","og_description":"E v\u00e1 Balho! Around the hills of Odemira\u00b4s countryside, whenever people felt for singing and dancing, someone would say \u201cE v\u00e1 Balho!\u201d and the party would get started. Inspired by the Ethnographic Group Gente do Ato Mira, 4 musicians and two dancers recreate the \u201cBalho\u201d party to celebrate the richness of traditional portuguese music and [&hellip;]","og_url":"https:\/\/rotavicentina.com\/de\/eventos\/semana-id-final-party\/","og_site_name":"Rota Vicentina","article_publisher":"https:\/\/www.facebook.com\/rotavicentina","article_modified_time":"2023-03-13T15:18:02+00:00","og_image":[{"width":852,"height":480,"url":"https:\/\/rotavicentina.com\/wp-content\/uploads\/2023\/02\/V2.png","type":"image\/png"}],"twitter_card":"summary_large_image","twitter_site":"@RotaVicentina","twitter_misc":{"Gesch\u00e4tzte Lesezeit":"1\u00a0Minute"},"schema":{"@context":"https:\/\/schema.org","@graph":[{"@type":"WebPage","@id":"https:\/\/rotavicentina.com\/de\/eventos\/semana-id-final-party\/","url":"https:\/\/rotavicentina.com\/de\/eventos\/semana-id-final-party\/","name":"E v\u00e1 Balho! - Rota Vicentina","isPartOf":{"@id":"https:\/\/rotavicentina.com\/#website"},"primaryImageOfPage":{"@id":"https:\/\/rotavicentina.com\/de\/eventos\/semana-id-final-party\/#primaryimage"},"image":{"@id":"https:\/\/rotavicentina.com\/de\/eventos\/semana-id-final-party\/#primaryimage"},"thumbnailUrl":"https:\/\/rotavicentina.com\/wp-content\/uploads\/2023\/02\/V2.png","datePublished":"2023-02-10T17:42:21+00:00","dateModified":"2023-03-13T15:18:02+00:00","inLanguage":"de","potentialAction":[{"@type":"ReadAction","target":["https:\/\/rotavicentina.com\/de\/eventos\/semana-id-final-party\/"]}]},{"@type":"ImageObject","inLanguage":"de","@id":"https:\/\/rotavicentina.com\/de\/eventos\/semana-id-final-party\/#primaryimage","url":"https:\/\/rotavicentina.com\/wp-content\/uploads\/2023\/02\/V2.png","contentUrl":"https:\/\/rotavicentina.com\/wp-content\/uploads\/2023\/02\/V2.png","width":852,"height":480},{"@type":"WebSite","@id":"https:\/\/rotavicentina.com\/#website","url":"https:\/\/rotavicentina.com\/","name":"Rota Vicentina","description":"A p\u00e9 pelo Trilho dos Pescadores, Caminho Hist\u00f3rico ou Percursos Circulares ou v\u00e1 de bicicleta pelos mais de 1000km de Trilhos de Bicicleta na Rota Vicentina.","publisher":{"@id":"https:\/\/rotavicentina.com\/#organization"},"potentialAction":[{"@type":"SearchAction","target":{"@type":"EntryPoint","urlTemplate":"https:\/\/rotavicentina.com\/?s={search_term_string}"},"query-input":{"@type":"PropertyValueSpecification","valueRequired":true,"valueName":"search_term_string"}}],"inLanguage":"de"},{"@type":"Organization","@id":"https:\/\/rotavicentina.com\/#organization","name":"Rota Vicentina","url":"https:\/\/rotavicentina.com\/","logo":{"@type":"ImageObject","inLanguage":"de","@id":"https:\/\/rotavicentina.com\/#\/schema\/logo\/image\/","url":"https:\/\/rotavicentina.com\/wp-content\/uploads\/2023\/02\/Rota-Vicentina-SW-Portugal.jpg","contentUrl":"https:\/\/rotavicentina.com\/wp-content\/uploads\/2023\/02\/Rota-Vicentina-SW-Portugal.jpg","width":"852","height":"480","caption":"Rota Vicentina"},"image":{"@id":"https:\/\/rotavicentina.com\/#\/schema\/logo\/image\/"},"sameAs":["https:\/\/www.facebook.com\/rotavicentina","https:\/\/x.com\/RotaVicentina","https:\/\/www.instagram.com\/rotavicentina\/","https:\/\/pt.linkedin.com\/company\/rota-vicentina"]}]}},"_links":{"self":[{"href":"https:\/\/rotavicentina.com\/de\/wp-json\/wp\/v2\/eventos\/94105","targetHints":{"allow":["GET"]}}],"collection":[{"href":"https:\/\/rotavicentina.com\/de\/wp-json\/wp\/v2\/eventos"}],"about":[{"href":"https:\/\/rotavicentina.com\/de\/wp-json\/wp\/v2\/types\/eventos"}],"wp:featuredmedia":[{"embeddable":true,"href":"https:\/\/rotavicentina.com\/de\/wp-json\/wp\/v2\/media\/96579"}],"wp:attachment":[{"href":"https:\/\/rotavicentina.com\/de\/wp-json\/wp\/v2\/media?parent=94105"}],"wp:term":[{"taxonomy":"eventos-category","embeddable":true,"href":"https:\/\/rotavicentina.com\/de\/wp-json\/wp\/v2\/eventos-category?post=94105"},{"taxonomy":"regiao","embeddable":true,"href":"https:\/\/rotavicentina.com\/de\/wp-json\/wp\/v2\/regiao?post=94105"}],"curies":[{"name":"wp","href":"https:\/\/api.w.org\/{rel}","templated":true}]}}

E vá Balho!

<p><strong>E vá Balho!</strong></p>
<p>Around the hills of Odemira´s countryside, whenever people felt for singing and dancing, someone would say “E vá Balho!” and the party would get started.</p>
<p>Inspired by the Ethnographic Group Gente do Ato Mira, 4 musicians and two dancers recreate the “Balho” party to celebrate the richness of traditional portuguese music and dance.</p>
<p>We will start with an open class to the whole community, where we will get familiar with traditional instruments, learn how to sing and dance, but also learn more about the history, influences and social background of our traditions.</p>
<p>By the hand of the Ethnographic Group Gente do Alto Mira, we will go on a journey which will take us from Alentejo to other portuguese regions, discovering our country through its songs and dances.</p>
<p>Once we have learned the lesson, the party will go on with an animated concert where traditions from north to south of Portugal will merge into the magic of traditional instruments and the joy of dancing our culture together!</p>
<p>It will be offered the traditional stew (bring a plate and cutlery) and there are more options in the village to have dinner!</p>
<p><strong>Open Class: 17:30-19:30</strong><br />
<strong>Dance: 21:00-23:00</strong></p>

<p>E vá Balho! Around the hills of Odemira´s countryside, whenever people felt for singing and dancing, someone would say “E vá Balho!” and the party would get started. Inspired by the Ethnographic Group Gente do Ato Mira, 4 musicians and two dancers recreate the “Balho” party to celebrate the richness of traditional portuguese music and [&hellip;]</p>

<!-- This site is optimized with the Yoast SEO Premium plugin v19.5 (Yoast SEO v27.0) - https://yoast.com/product/yoast-seo-premium-wordpress/ -->
<title>E vá Balho! - Rota Vicentina</title>
<meta name="robots" content="index, follow, max-snippet:-1, max-image-preview:large, max-video-preview:-1" />
<link rel="canonical" href="https://rotavicentina.com/de/eventos/semana-id-final-party/" />
<meta property="og:locale" content="de_DE" />
<meta property="og:type" content="article" />
<meta property="og:title" content="E vá Balho! - Rota Vicentina" />
<meta property="og:description" content="E vá Balho! Around the hills of Odemira´s countryside, whenever people felt for singing and dancing, someone would say “E vá Balho!” and the party would get started. Inspired by the Ethnographic Group Gente do Ato Mira, 4 musicians and two dancers recreate the “Balho” party to celebrate the richness of traditional portuguese music and [&hellip;]" />
<meta property="og:url" content="https://rotavicentina.com/de/eventos/semana-id-final-party/" />
<meta property="og:site_name" content="Rota Vicentina" />
<meta property="article:publisher" content="https://www.facebook.com/rotavicentina" />
<meta property="article:modified_time" content="2023-03-13T15:18:02+00:00" />
<meta property="og:image" content="https://rotavicentina.com/wp-content/uploads/2023/02/V2.png" />
	<meta property="og:image:width" content="852" />
	<meta property="og:image:height" content="480" />
	<meta property="og:image:type" content="image/png" />
<meta name="twitter:card" content="summary_large_image" />
<meta name="twitter:site" content="@RotaVicentina" />
<meta name="twitter:label1" content="Geschätzte Lesezeit" />
	<meta name="twitter:data1" content="1 Minute" />
<script type="application/ld+json" class="yoast-schema-graph">{"@context":"https://schema.org","@graph":[{"@type":"WebPage","@id":"https://rotavicentina.com/de/eventos/semana-id-final-party/","url":"https://rotavicentina.com/de/eventos/semana-id-final-party/","name":"E vá Balho! - Rota Vicentina","isPartOf":{"@id":"https://rotavicentina.com/#website"},"primaryImageOfPage":{"@id":"https://rotavicentina.com/de/eventos/semana-id-final-party/#primaryimage"},"image":{"@id":"https://rotavicentina.com/de/eventos/semana-id-final-party/#primaryimage"},"thumbnailUrl":"https://rotavicentina.com/wp-content/uploads/2023/02/V2.png","datePublished":"2023-02-10T17:42:21+00:00","dateModified":"2023-03-13T15:18:02+00:00","inLanguage":"de","potentialAction":[{"@type":"ReadAction","target":["https://rotavicentina.com/de/eventos/semana-id-final-party/"]}]},{"@type":"ImageObject","inLanguage":"de","@id":"https://rotavicentina.com/de/eventos/semana-id-final-party/#primaryimage","url":"https://rotavicentina.com/wp-content/uploads/2023/02/V2.png","contentUrl":"https://rotavicentina.com/wp-content/uploads/2023/02/V2.png","width":852,"height":480},{"@type":"WebSite","@id":"https://rotavicentina.com/#website","url":"https://rotavicentina.com/","name":"Rota Vicentina","description":"A pé pelo Trilho dos Pescadores, Caminho Histórico ou Percursos Circulares ou vá de bicicleta pelos mais de 1000km de Trilhos de Bicicleta na Rota Vicentina.","publisher":{"@id":"https://rotavicentina.com/#organization"},"potentialAction":[{"@type":"SearchAction","target":{"@type":"EntryPoint","urlTemplate":"https://rotavicentina.com/?s={search_term_string}"},"query-input":{"@type":"PropertyValueSpecification","valueRequired":true,"valueName":"search_term_string"}}],"inLanguage":"de"},{"@type":"Organization","@id":"https://rotavicentina.com/#organization","name":"Rota Vicentina","url":"https://rotavicentina.com/","logo":{"@type":"ImageObject","inLanguage":"de","@id":"https://rotavicentina.com/#/schema/logo/image/","url":"https://rotavicentina.com/wp-content/uploads/2023/02/Rota-Vicentina-SW-Portugal.jpg","contentUrl":"https://rotavicentina.com/wp-content/uploads/2023/02/Rota-Vicentina-SW-Portugal.jpg","width":"852","height":"480","caption":"Rota Vicentina"},"image":{"@id":"https://rotavicentina.com/#/schema/logo/image/"},"sameAs":["https://www.facebook.com/rotavicentina","https://x.com/RotaVicentina","https://www.instagram.com/rotavicentina/","https://pt.linkedin.com/company/rota-vicentina"]}]}</script>
<!-- / Yoast SEO Premium plugin. -->

E vá Balho! - Rota Vicentina

E vá Balho! Around the hills of Odemira´s countryside, whenever people felt for singing and dancing, someone would say “E vá Balho!” and the party would get started. Inspired by the Ethnographic Group Gente do Ato Mira, 4 musicians and two dancers recreate the “Balho” party to celebrate the richness of traditional portuguese music and [&hellip;]

A pé pelo Trilho dos Pescadores, Caminho Histórico ou Percursos Circulares ou vá de bicicleta pelos mais de 1000km de Trilhos de Bicicleta na Rota Vicentina.
