{"id":93926,"date":"2023-01-17T17:18:03","date_gmt":"2023-01-17T17:18:03","guid":{"rendered":"https:\/\/rotavicentina.com\/eventos\/tourism-a-barometer-of-sustainability-in-rural-areas\/"},"modified":"2023-02-10T15:25:31","modified_gmt":"2023-02-10T15:25:31","slug":"tourism-a-barometer-of-sustainability-in-rural-areas","status":"publish","type":"eventos","link":"https:\/\/rotavicentina.com\/de\/eventos\/tourism-a-barometer-of-sustainability-in-rural-areas\/","title":{"rendered":"Turismo: um bar\u00f3metro de sustentabilidade em territ\u00f3rios rurais (semin\u00e1rio)"},"content":{"rendered":"<p>No \u00e2mbito da 3\u00aa edi\u00e7\u00e3o da <span style=\"color: #0000ff\"><a style=\"color: #0000ff\" href=\"https:\/\/rotavicentina.com\/semanaid\">Semana ID<\/a><\/span>, a Associa\u00e7\u00e3o Rota Vicentina promove o Semin\u00e1rio<span style=\"color: #000000\"> <a href=\"https:\/\/blog.rotavicentina.com\/seminario-semana-id-2023\/\"><span style=\"color: #0000ff\"> \u201cTurismo: um bar\u00f3metro de sustentabilidade em territ\u00f3rios rurais\u201d<\/span><\/a>,<\/span> com o objetivo de estimular uma sess\u00e3o de trabalho, reflex\u00e3o e debate de poss\u00edveis solu\u00e7\u00f5es para uma orienta\u00e7\u00e3o conjunta sobre a necessidade de evolu\u00e7\u00e3o dos actuais modelos de estudo desta mat\u00e9ria.<\/p>\n<p>Mais concretamente, trata-se de discutir a rela\u00e7\u00e3o do turismo com a ocupa\u00e7\u00e3o (integrada) do territ\u00f3rio, a paisagem, o mosaico agr\u00edcola e florestal, os servi\u00e7os dos ecossistemas a economia local e circular, entre outros aspectos. Como trazer esta realidade para as estat\u00edsticas? \u00c9 pertinente? H\u00e1 casos de estudo? Como podemos dar os primeiros passos? O que ganhar\u00edamos, como pa\u00eds?<\/p>\n","protected":false},"excerpt":{"rendered":"<p>No \u00e2mbito da 3\u00aa edi\u00e7\u00e3o da Semana ID, a Associa\u00e7\u00e3o Rota Vicentina promove o Semin\u00e1rio \u201cTurismo: um bar\u00f3metro de sustentabilidade em territ\u00f3rios rurais\u201d, com o objetivo de estimular uma sess\u00e3o de trabalho, reflex\u00e3o e debate de poss\u00edveis solu\u00e7\u00f5es para uma orienta\u00e7\u00e3o conjunta sobre a necessidade de evolu\u00e7\u00e3o dos actuais modelos de estudo desta mat\u00e9ria. Mais [&hellip;]<\/p>\n","protected":false},"featured_media":88451,"parent":0,"template":"","eventos-category":[1536],"regiao":[1033],"class_list":["post-93926","eventos","type-eventos","status-publish","has-post-thumbnail","hentry","eventos-category-semana-id-de","regiao-vila-nova-de-milfontes-de"],"acf":[],"yoast_head":"<!-- This site is optimized with the Yoast SEO Premium plugin v19.5 (Yoast SEO v27.0) - https:\/\/yoast.com\/product\/yoast-seo-premium-wordpress\/ -->\n<title>Turismo: um bar\u00f3metro de sustentabilidade em territ\u00f3rios rurais (semin\u00e1rio)<\/title>\n<meta name=\"description\" content=\"Discutir a rela\u00e7\u00e3o do turismo com a ocupa\u00e7\u00e3o do territ\u00f3rio, a paisagem, o mosaico agr\u00edcola e florestal, os servi\u00e7os dos ecossistemas a economia local e circular, entre outros aspectos.\" \/>\n<meta name=\"robots\" content=\"index, follow, max-snippet:-1, max-image-preview:large, max-video-preview:-1\" \/>\n<link rel=\"canonical\" href=\"https:\/\/rotavicentina.com\/de\/eventos\/tourism-a-barometer-of-sustainability-in-rural-areas\/\" \/>\n<meta property=\"og:locale\" content=\"de_DE\" \/>\n<meta property=\"og:type\" content=\"article\" \/>\n<meta property=\"og:title\" content=\"Turismo: um bar\u00f3metro de sustentabilidade em territ\u00f3rios rurais (semin\u00e1rio)\" \/>\n<meta property=\"og:description\" content=\"Turismo: um bar\u00f3metro de sustentabilidade em territ\u00f3rios rurais (semin\u00e1rio)\" \/>\n<meta property=\"og:url\" content=\"https:\/\/rotavicentina.com\/de\/eventos\/tourism-a-barometer-of-sustainability-in-rural-areas\/\" \/>\n<meta property=\"og:site_name\" content=\"Rota Vicentina\" \/>\n<meta property=\"article:publisher\" content=\"https:\/\/www.facebook.com\/rotavicentina\" \/>\n<meta property=\"article:modified_time\" content=\"2023-02-10T15:25:31+00:00\" \/>\n<meta property=\"og:image\" content=\"https:\/\/rotavicentina.com\/wp-content\/uploads\/2023\/01\/Seminario-Semana-ID-Banner-1.jpg\" \/>\n\t<meta property=\"og:image:width\" content=\"852\" \/>\n\t<meta property=\"og:image:height\" content=\"400\" \/>\n\t<meta property=\"og:image:type\" content=\"image\/jpeg\" \/>\n<meta name=\"twitter:card\" content=\"summary_large_image\" \/>\n<meta name=\"twitter:title\" content=\"Turismo: um bar\u00f3metro de sustentabilidade em territ\u00f3rios rurais (semin\u00e1rio)\" \/>\n<meta name=\"twitter:description\" content=\"Turismo: um bar\u00f3metro de sustentabilidade em territ\u00f3rios rurais (semin\u00e1rio)\" \/>\n<meta name=\"twitter:site\" content=\"@RotaVicentina\" \/>\n<meta name=\"twitter:label1\" content=\"Gesch\u00e4tzte Lesezeit\" \/>\n\t<meta name=\"twitter:data1\" content=\"1\u00a0Minute\" \/>\n<script type=\"application\/ld+json\" class=\"yoast-schema-graph\">{\"@context\":\"https:\/\/schema.org\",\"@graph\":[{\"@type\":\"WebPage\",\"@id\":\"https:\/\/rotavicentina.com\/de\/eventos\/tourism-a-barometer-of-sustainability-in-rural-areas\/\",\"url\":\"https:\/\/rotavicentina.com\/de\/eventos\/tourism-a-barometer-of-sustainability-in-rural-areas\/\",\"name\":\"Turismo: um bar\u00f3metro de sustentabilidade em territ\u00f3rios rurais (semin\u00e1rio)\",\"isPartOf\":{\"@id\":\"https:\/\/rotavicentina.com\/#website\"},\"primaryImageOfPage\":{\"@id\":\"https:\/\/rotavicentina.com\/de\/eventos\/tourism-a-barometer-of-sustainability-in-rural-areas\/#primaryimage\"},\"image\":{\"@id\":\"https:\/\/rotavicentina.com\/de\/eventos\/tourism-a-barometer-of-sustainability-in-rural-areas\/#primaryimage\"},\"thumbnailUrl\":\"https:\/\/rotavicentina.com\/wp-content\/uploads\/2023\/01\/Seminario-Semana-ID-Banner-1.jpg\",\"datePublished\":\"2023-01-17T17:18:03+00:00\",\"dateModified\":\"2023-02-10T15:25:31+00:00\",\"description\":\"Discutir a rela\u00e7\u00e3o do turismo com a ocupa\u00e7\u00e3o do territ\u00f3rio, a paisagem, o mosaico agr\u00edcola e florestal, os servi\u00e7os dos ecossistemas a economia local e circular, entre outros aspectos.\",\"inLanguage\":\"de\",\"potentialAction\":[{\"@type\":\"ReadAction\",\"target\":[\"https:\/\/rotavicentina.com\/de\/eventos\/tourism-a-barometer-of-sustainability-in-rural-areas\/\"]}]},{\"@type\":\"ImageObject\",\"inLanguage\":\"de\",\"@id\":\"https:\/\/rotavicentina.com\/de\/eventos\/tourism-a-barometer-of-sustainability-in-rural-areas\/#primaryimage\",\"url\":\"https:\/\/rotavicentina.com\/wp-content\/uploads\/2023\/01\/Seminario-Semana-ID-Banner-1.jpg\",\"contentUrl\":\"https:\/\/rotavicentina.com\/wp-content\/uploads\/2023\/01\/Seminario-Semana-ID-Banner-1.jpg\",\"width\":852,\"height\":400,\"caption\":\"Turismo: bar\u00f3metro de sustentabilidade em territ\u00f3rios rurais\"},{\"@type\":\"WebSite\",\"@id\":\"https:\/\/rotavicentina.com\/#website\",\"url\":\"https:\/\/rotavicentina.com\/\",\"name\":\"Rota Vicentina\",\"description\":\"A p\u00e9 pelo Trilho dos Pescadores, Caminho Hist\u00f3rico ou Percursos Circulares ou v\u00e1 de bicicleta pelos mais de 1000km de Trilhos de Bicicleta na Rota Vicentina.\",\"publisher\":{\"@id\":\"https:\/\/rotavicentina.com\/#organization\"},\"potentialAction\":[{\"@type\":\"SearchAction\",\"target\":{\"@type\":\"EntryPoint\",\"urlTemplate\":\"https:\/\/rotavicentina.com\/?s={search_term_string}\"},\"query-input\":{\"@type\":\"PropertyValueSpecification\",\"valueRequired\":true,\"valueName\":\"search_term_string\"}}],\"inLanguage\":\"de\"},{\"@type\":\"Organization\",\"@id\":\"https:\/\/rotavicentina.com\/#organization\",\"name\":\"Rota Vicentina\",\"url\":\"https:\/\/rotavicentina.com\/\",\"logo\":{\"@type\":\"ImageObject\",\"inLanguage\":\"de\",\"@id\":\"https:\/\/rotavicentina.com\/#\/schema\/logo\/image\/\",\"url\":\"https:\/\/rotavicentina.com\/wp-content\/uploads\/2023\/02\/Rota-Vicentina-SW-Portugal.jpg\",\"contentUrl\":\"https:\/\/rotavicentina.com\/wp-content\/uploads\/2023\/02\/Rota-Vicentina-SW-Portugal.jpg\",\"width\":\"852\",\"height\":\"480\",\"caption\":\"Rota Vicentina\"},\"image\":{\"@id\":\"https:\/\/rotavicentina.com\/#\/schema\/logo\/image\/\"},\"sameAs\":[\"https:\/\/www.facebook.com\/rotavicentina\",\"https:\/\/x.com\/RotaVicentina\",\"https:\/\/www.instagram.com\/rotavicentina\/\",\"https:\/\/pt.linkedin.com\/company\/rota-vicentina\"]}]}<\/script>\n<!-- \/ Yoast SEO Premium plugin. -->","yoast_head_json":{"title":"Turismo: um bar\u00f3metro de sustentabilidade em territ\u00f3rios rurais (semin\u00e1rio)","description":"Discutir a rela\u00e7\u00e3o do turismo com a ocupa\u00e7\u00e3o do territ\u00f3rio, a paisagem, o mosaico agr\u00edcola e florestal, os servi\u00e7os dos ecossistemas a economia local e circular, entre outros aspectos.","robots":{"index":"index","follow":"follow","max-snippet":"max-snippet:-1","max-image-preview":"max-image-preview:large","max-video-preview":"max-video-preview:-1"},"canonical":"https:\/\/rotavicentina.com\/de\/eventos\/tourism-a-barometer-of-sustainability-in-rural-areas\/","og_locale":"de_DE","og_type":"article","og_title":"Turismo: um bar\u00f3metro de sustentabilidade em territ\u00f3rios rurais (semin\u00e1rio)","og_description":"Turismo: um bar\u00f3metro de sustentabilidade em territ\u00f3rios rurais (semin\u00e1rio)","og_url":"https:\/\/rotavicentina.com\/de\/eventos\/tourism-a-barometer-of-sustainability-in-rural-areas\/","og_site_name":"Rota Vicentina","article_publisher":"https:\/\/www.facebook.com\/rotavicentina","article_modified_time":"2023-02-10T15:25:31+00:00","og_image":[{"width":852,"height":400,"url":"https:\/\/rotavicentina.com\/wp-content\/uploads\/2023\/01\/Seminario-Semana-ID-Banner-1.jpg","type":"image\/jpeg"}],"twitter_card":"summary_large_image","twitter_title":"Turismo: um bar\u00f3metro de sustentabilidade em territ\u00f3rios rurais (semin\u00e1rio)","twitter_description":"Turismo: um bar\u00f3metro de sustentabilidade em territ\u00f3rios rurais (semin\u00e1rio)","twitter_site":"@RotaVicentina","twitter_misc":{"Gesch\u00e4tzte Lesezeit":"1\u00a0Minute"},"schema":{"@context":"https:\/\/schema.org","@graph":[{"@type":"WebPage","@id":"https:\/\/rotavicentina.com\/de\/eventos\/tourism-a-barometer-of-sustainability-in-rural-areas\/","url":"https:\/\/rotavicentina.com\/de\/eventos\/tourism-a-barometer-of-sustainability-in-rural-areas\/","name":"Turismo: um bar\u00f3metro de sustentabilidade em territ\u00f3rios rurais (semin\u00e1rio)","isPartOf":{"@id":"https:\/\/rotavicentina.com\/#website"},"primaryImageOfPage":{"@id":"https:\/\/rotavicentina.com\/de\/eventos\/tourism-a-barometer-of-sustainability-in-rural-areas\/#primaryimage"},"image":{"@id":"https:\/\/rotavicentina.com\/de\/eventos\/tourism-a-barometer-of-sustainability-in-rural-areas\/#primaryimage"},"thumbnailUrl":"https:\/\/rotavicentina.com\/wp-content\/uploads\/2023\/01\/Seminario-Semana-ID-Banner-1.jpg","datePublished":"2023-01-17T17:18:03+00:00","dateModified":"2023-02-10T15:25:31+00:00","description":"Discutir a rela\u00e7\u00e3o do turismo com a ocupa\u00e7\u00e3o do territ\u00f3rio, a paisagem, o mosaico agr\u00edcola e florestal, os servi\u00e7os dos ecossistemas a economia local e circular, entre outros aspectos.","inLanguage":"de","potentialAction":[{"@type":"ReadAction","target":["https:\/\/rotavicentina.com\/de\/eventos\/tourism-a-barometer-of-sustainability-in-rural-areas\/"]}]},{"@type":"ImageObject","inLanguage":"de","@id":"https:\/\/rotavicentina.com\/de\/eventos\/tourism-a-barometer-of-sustainability-in-rural-areas\/#primaryimage","url":"https:\/\/rotavicentina.com\/wp-content\/uploads\/2023\/01\/Seminario-Semana-ID-Banner-1.jpg","contentUrl":"https:\/\/rotavicentina.com\/wp-content\/uploads\/2023\/01\/Seminario-Semana-ID-Banner-1.jpg","width":852,"height":400,"caption":"Turismo: bar\u00f3metro de sustentabilidade em territ\u00f3rios rurais"},{"@type":"WebSite","@id":"https:\/\/rotavicentina.com\/#website","url":"https:\/\/rotavicentina.com\/","name":"Rota Vicentina","description":"A p\u00e9 pelo Trilho dos Pescadores, Caminho Hist\u00f3rico ou Percursos Circulares ou v\u00e1 de bicicleta pelos mais de 1000km de Trilhos de Bicicleta na Rota Vicentina.","publisher":{"@id":"https:\/\/rotavicentina.com\/#organization"},"potentialAction":[{"@type":"SearchAction","target":{"@type":"EntryPoint","urlTemplate":"https:\/\/rotavicentina.com\/?s={search_term_string}"},"query-input":{"@type":"PropertyValueSpecification","valueRequired":true,"valueName":"search_term_string"}}],"inLanguage":"de"},{"@type":"Organization","@id":"https:\/\/rotavicentina.com\/#organization","name":"Rota Vicentina","url":"https:\/\/rotavicentina.com\/","logo":{"@type":"ImageObject","inLanguage":"de","@id":"https:\/\/rotavicentina.com\/#\/schema\/logo\/image\/","url":"https:\/\/rotavicentina.com\/wp-content\/uploads\/2023\/02\/Rota-Vicentina-SW-Portugal.jpg","contentUrl":"https:\/\/rotavicentina.com\/wp-content\/uploads\/2023\/02\/Rota-Vicentina-SW-Portugal.jpg","width":"852","height":"480","caption":"Rota Vicentina"},"image":{"@id":"https:\/\/rotavicentina.com\/#\/schema\/logo\/image\/"},"sameAs":["https:\/\/www.facebook.com\/rotavicentina","https:\/\/x.com\/RotaVicentina","https:\/\/www.instagram.com\/rotavicentina\/","https:\/\/pt.linkedin.com\/company\/rota-vicentina"]}]}},"_links":{"self":[{"href":"https:\/\/rotavicentina.com\/de\/wp-json\/wp\/v2\/eventos\/93926","targetHints":{"allow":["GET"]}}],"collection":[{"href":"https:\/\/rotavicentina.com\/de\/wp-json\/wp\/v2\/eventos"}],"about":[{"href":"https:\/\/rotavicentina.com\/de\/wp-json\/wp\/v2\/types\/eventos"}],"wp:featuredmedia":[{"embeddable":true,"href":"https:\/\/rotavicentina.com\/de\/wp-json\/wp\/v2\/media\/88451"}],"wp:attachment":[{"href":"https:\/\/rotavicentina.com\/de\/wp-json\/wp\/v2\/media?parent=93926"}],"wp:term":[{"taxonomy":"eventos-category","embeddable":true,"href":"https:\/\/rotavicentina.com\/de\/wp-json\/wp\/v2\/eventos-category?post=93926"},{"taxonomy":"regiao","embeddable":true,"href":"https:\/\/rotavicentina.com\/de\/wp-json\/wp\/v2\/regiao?post=93926"}],"curies":[{"name":"wp","href":"https:\/\/api.w.org\/{rel}","templated":true}]}}

Turismo: um barómetro de sustentabilidade em territórios rurais (seminário)

<p>No âmbito da 3ª edição da <span style="color: #0000ff"><a style="color: #0000ff" href="https://rotavicentina.com/semanaid">Semana ID</a></span>, a Associação Rota Vicentina promove o Seminário<span style="color: #000000"> <a href="https://blog.rotavicentina.com/seminario-semana-id-2023/"><span style="color: #0000ff"> “Turismo: um barómetro de sustentabilidade em territórios rurais”</span></a>,</span> com o objetivo de estimular uma sessão de trabalho, reflexão e debate de possíveis soluções para uma orientação conjunta sobre a necessidade de evolução dos actuais modelos de estudo desta matéria.</p>
<p>Mais concretamente, trata-se de discutir a relação do turismo com a ocupação (integrada) do território, a paisagem, o mosaico agrícola e florestal, os serviços dos ecossistemas a economia local e circular, entre outros aspectos. Como trazer esta realidade para as estatísticas? É pertinente? Há casos de estudo? Como podemos dar os primeiros passos? O que ganharíamos, como país?</p>

<p>No âmbito da 3ª edição da Semana ID, a Associação Rota Vicentina promove o Seminário “Turismo: um barómetro de sustentabilidade em territórios rurais”, com o objetivo de estimular uma sessão de trabalho, reflexão e debate de possíveis soluções para uma orientação conjunta sobre a necessidade de evolução dos actuais modelos de estudo desta matéria. Mais [&hellip;]</p>

<!-- This site is optimized with the Yoast SEO Premium plugin v19.5 (Yoast SEO v27.0) - https://yoast.com/product/yoast-seo-premium-wordpress/ -->
<title>Turismo: um barómetro de sustentabilidade em territórios rurais (seminário)</title>
<meta name="description" content="Discutir a relação do turismo com a ocupação do território, a paisagem, o mosaico agrícola e florestal, os serviços dos ecossistemas a economia local e circular, entre outros aspectos." />
<meta name="robots" content="index, follow, max-snippet:-1, max-image-preview:large, max-video-preview:-1" />
<link rel="canonical" href="https://rotavicentina.com/de/eventos/tourism-a-barometer-of-sustainability-in-rural-areas/" />
<meta property="og:locale" content="de_DE" />
<meta property="og:type" content="article" />
<meta property="og:title" content="Turismo: um barómetro de sustentabilidade em territórios rurais (seminário)" />
<meta property="og:description" content="Turismo: um barómetro de sustentabilidade em territórios rurais (seminário)" />
<meta property="og:url" content="https://rotavicentina.com/de/eventos/tourism-a-barometer-of-sustainability-in-rural-areas/" />
<meta property="og:site_name" content="Rota Vicentina" />
<meta property="article:publisher" content="https://www.facebook.com/rotavicentina" />
<meta property="article:modified_time" content="2023-02-10T15:25:31+00:00" />
<meta property="og:image" content="https://rotavicentina.com/wp-content/uploads/2023/01/Seminario-Semana-ID-Banner-1.jpg" />
	<meta property="og:image:width" content="852" />
	<meta property="og:image:height" content="400" />
	<meta property="og:image:type" content="image/jpeg" />
<meta name="twitter:card" content="summary_large_image" />
<meta name="twitter:title" content="Turismo: um barómetro de sustentabilidade em territórios rurais (seminário)" />
<meta name="twitter:description" content="Turismo: um barómetro de sustentabilidade em territórios rurais (seminário)" />
<meta name="twitter:site" content="@RotaVicentina" />
<meta name="twitter:label1" content="Geschätzte Lesezeit" />
	<meta name="twitter:data1" content="1 Minute" />
<script type="application/ld+json" class="yoast-schema-graph">{"@context":"https://schema.org","@graph":[{"@type":"WebPage","@id":"https://rotavicentina.com/de/eventos/tourism-a-barometer-of-sustainability-in-rural-areas/","url":"https://rotavicentina.com/de/eventos/tourism-a-barometer-of-sustainability-in-rural-areas/","name":"Turismo: um barómetro de sustentabilidade em territórios rurais (seminário)","isPartOf":{"@id":"https://rotavicentina.com/#website"},"primaryImageOfPage":{"@id":"https://rotavicentina.com/de/eventos/tourism-a-barometer-of-sustainability-in-rural-areas/#primaryimage"},"image":{"@id":"https://rotavicentina.com/de/eventos/tourism-a-barometer-of-sustainability-in-rural-areas/#primaryimage"},"thumbnailUrl":"https://rotavicentina.com/wp-content/uploads/2023/01/Seminario-Semana-ID-Banner-1.jpg","datePublished":"2023-01-17T17:18:03+00:00","dateModified":"2023-02-10T15:25:31+00:00","description":"Discutir a relação do turismo com a ocupação do território, a paisagem, o mosaico agrícola e florestal, os serviços dos ecossistemas a economia local e circular, entre outros aspectos.","inLanguage":"de","potentialAction":[{"@type":"ReadAction","target":["https://rotavicentina.com/de/eventos/tourism-a-barometer-of-sustainability-in-rural-areas/"]}]},{"@type":"ImageObject","inLanguage":"de","@id":"https://rotavicentina.com/de/eventos/tourism-a-barometer-of-sustainability-in-rural-areas/#primaryimage","url":"https://rotavicentina.com/wp-content/uploads/2023/01/Seminario-Semana-ID-Banner-1.jpg","contentUrl":"https://rotavicentina.com/wp-content/uploads/2023/01/Seminario-Semana-ID-Banner-1.jpg","width":852,"height":400,"caption":"Turismo: barómetro de sustentabilidade em territórios rurais"},{"@type":"WebSite","@id":"https://rotavicentina.com/#website","url":"https://rotavicentina.com/","name":"Rota Vicentina","description":"A pé pelo Trilho dos Pescadores, Caminho Histórico ou Percursos Circulares ou vá de bicicleta pelos mais de 1000km de Trilhos de Bicicleta na Rota Vicentina.","publisher":{"@id":"https://rotavicentina.com/#organization"},"potentialAction":[{"@type":"SearchAction","target":{"@type":"EntryPoint","urlTemplate":"https://rotavicentina.com/?s={search_term_string}"},"query-input":{"@type":"PropertyValueSpecification","valueRequired":true,"valueName":"search_term_string"}}],"inLanguage":"de"},{"@type":"Organization","@id":"https://rotavicentina.com/#organization","name":"Rota Vicentina","url":"https://rotavicentina.com/","logo":{"@type":"ImageObject","inLanguage":"de","@id":"https://rotavicentina.com/#/schema/logo/image/","url":"https://rotavicentina.com/wp-content/uploads/2023/02/Rota-Vicentina-SW-Portugal.jpg","contentUrl":"https://rotavicentina.com/wp-content/uploads/2023/02/Rota-Vicentina-SW-Portugal.jpg","width":"852","height":"480","caption":"Rota Vicentina"},"image":{"@id":"https://rotavicentina.com/#/schema/logo/image/"},"sameAs":["https://www.facebook.com/rotavicentina","https://x.com/RotaVicentina","https://www.instagram.com/rotavicentina/","https://pt.linkedin.com/company/rota-vicentina"]}]}</script>
<!-- / Yoast SEO Premium plugin. -->

Discutir a relação do turismo com a ocupação do território, a paisagem, o mosaico agrícola e florestal, os serviços dos ecossistemas a economia local e circular, entre outros aspectos.

Turismo: barómetro de sustentabilidade em territórios rurais

A pé pelo Trilho dos Pescadores, Caminho Histórico ou Percursos Circulares ou vá de bicicleta pelos mais de 1000km de Trilhos de Bicicleta na Rota Vicentina.
